{"id":3158,"date":"2024-03-14T08:02:27","date_gmt":"2024-03-14T11:02:27","guid":{"rendered":"https:\/\/sites.usp.br\/pusplq\/?page_id=3158"},"modified":"2026-04-10T14:34:40","modified_gmt":"2026-04-10T17:34:40","slug":"conselho-gestor","status":"publish","type":"page","link":"https:\/\/pusplq.usp.br\/?page_id=3158","title":{"rendered":"Conselho Gestor"},"content":{"rendered":"\t\t<div data-elementor-type=\"wp-page\" data-elementor-id=\"3158\" class=\"elementor elementor-3158\" data-elementor-post-type=\"page\">\n\t\t\t\t\t\t<section class=\"elementor-section elementor-top-section elementor-element elementor-element-e290750 elementor-section-full_width elementor-section-height-default elementor-section-height-default\" data-id=\"e290750\" data-element_type=\"section\">\n\t\t\t\t\t\t<div class=\"elementor-container elementor-column-gap-default\">\n\t\t\t\t\t<div class=\"elementor-column elementor-col-100 elementor-top-column elementor-element elementor-element-6f80356\" data-id=\"6f80356\" data-element_type=\"column\">\n\t\t\t<div class=\"elementor-widget-wrap elementor-element-populated\">\n\t\t\t\t\t\t<div class=\"elementor-element elementor-element-803a638 elementor-widget elementor-widget-heading\" data-id=\"803a638\" data-element_type=\"widget\" data-widget_type=\"heading.default\">\n\t\t\t\t<div class=\"elementor-widget-container\">\n\t\t\t<h2 class=\"elementor-heading-title elementor-size-default\">COMPOSI\u00c7\u00c3O DO CONSELHO GESTOR DO CAMPUS \"LUIZ DE QUEIROZ\"<\/h2>\t\t<\/div>\n\t\t\t\t<\/div>\n\t\t\t\t\t<\/div>\n\t\t<\/div>\n\t\t\t\t\t<\/div>\n\t\t<\/section>\n\t\t\t\t<section class=\"elementor-section elementor-top-section elementor-element elementor-element-54ae907 elementor-section-boxed elementor-section-height-default elementor-section-height-default\" data-id=\"54ae907\" data-element_type=\"section\">\n\t\t\t\t\t\t<div class=\"elementor-container elementor-column-gap-default\">\n\t\t\t\t\t<div class=\"elementor-column elementor-col-100 elementor-top-column elementor-element elementor-element-b010044\" data-id=\"b010044\" data-element_type=\"column\">\n\t\t\t<div class=\"elementor-widget-wrap elementor-element-populated\">\n\t\t\t\t\t\t<div class=\"elementor-element elementor-element-7faa34b elementor-widget elementor-widget-html\" data-id=\"7faa34b\" data-element_type=\"widget\" data-widget_type=\"html.default\">\n\t\t\t\t<div class=\"elementor-widget-container\">\n\t\t\t  <table style=\"line-height:0.5;\" cellpadding=\"0\" cellspacing=\"0\" width=\"900\" border=\"0\">\r\n  <tr height=\"0\" bgcolor=\"#EAEAEA\">\r\n     <th><strong>PRESID\u00caNCIA<\/strong><\/th>\r\n<th width=\"200\" align=\"center\" valign=\"middle\"><strong>UNIDADE<\/strong>&nbsp;<\/th>\r\n    <th width=\"300\" align=\"center\" valign=\"middle\"><strong>PER\u00cdODO&nbsp;<\/strong><\/th>     \r\n  <\/tr>\r\n  <tr>\r\n    <td>&nbsp;&nbsp;&nbsp;<strong>Presidente:&nbsp;<\/strong>Profa. Dra. Thais Maria Ferreira de Souza Vieiras<\/td>\r\n    <td align=\"center\">ESALQ<\/td>\r\n    <td align=\"center\">13\/10\/2025 a 12\/10\/2026<\/td>\r\n  <\/tr>\r\n<tr>\r\n    <td>&nbsp;&nbsp;&nbsp;<strong>Vice-Presidente:&nbsp;<\/strong>Profa. Dra. Adriana  Pinheiro Martinelli<\/td>\r\n    <td align=\"center\">CENA<\/td>\r\n    <td align=\"center\">09\/03\/2026<\/td>\r\n  <\/tr>  \r\n  <\/table>\t\t<\/div>\n\t\t\t\t<\/div>\n\t\t\t\t<div class=\"elementor-element elementor-element-9c2bae7 elementor-widget elementor-widget-html\" data-id=\"9c2bae7\" data-element_type=\"widget\" data-widget_type=\"html.default\">\n\t\t\t\t<div class=\"elementor-widget-container\">\n\t\t\t  <table style=\"line-height: 0.5;\" cellpadding=\"0\" cellspacing=\"0\" width=\"900\" border=\"0\">\r\n  <tr height=\"0\" bgcolor=\"#EAEAEA\">\r\n    <th><strong>PREFEITO<\/strong><\/th>\r\n    <th width=\"200\" align=\"center\" valign=\"middle\"><strong>UNIDADE<\/strong>&nbsp;<\/th>\r\n    <th width=\"300\" align=\"center\" valign=\"middle\"><strong>PER\u00cdODO&nbsp;<\/strong><\/th>\r\n  <\/tr>\r\n  <tr>\r\n    <td>&nbsp;&nbsp;&nbsp;Prefeito: Luciano Mendes<\/td>\r\n    <td align=\"center\">PUSP-LQ<\/td>\r\n    <td align=\"center\">A partir de 01\/03\/2023<\/td>\r\n  <\/tr>\r\n<\/table>\t\t<\/div>\n\t\t\t\t<\/div>\n\t\t\t\t\t<\/div>\n\t\t<\/div>\n\t\t\t\t\t<\/div>\n\t\t<\/section>\n\t\t\t\t<section class=\"elementor-section elementor-top-section elementor-element elementor-element-b7460b0 elementor-section-boxed elementor-section-height-default elementor-section-height-default\" data-id=\"b7460b0\" data-element_type=\"section\">\n\t\t\t\t\t\t<div class=\"elementor-container elementor-column-gap-default\">\n\t\t\t\t\t<div class=\"elementor-column elementor-col-100 elementor-top-column elementor-element elementor-element-2f4bf1c\" data-id=\"2f4bf1c\" data-element_type=\"column\">\n\t\t\t<div class=\"elementor-widget-wrap elementor-element-populated\">\n\t\t\t\t\t\t<div class=\"elementor-element elementor-element-4d7d223 elementor-widget elementor-widget-html\" data-id=\"4d7d223\" data-element_type=\"widget\" data-widget_type=\"html.default\">\n\t\t\t\t<div class=\"elementor-widget-container\">\n\t\t\t <table style=\"line-height: 0.5;\" cellpadding=\"0\" cellspacing=\"0\" width=\"900\" border=\"0\">\r\n  <tr height=\"0\" bgcolor=\"#EAEAEA\">\r\n    <th><strong>DIRETOR DA ESALQ<\/strong><\/th>\r\n    <th width=\"200\" align=\"center\" valign=\"middle\"><strong>UNIDADE<\/strong>&nbsp;<\/th>\r\n    <th width=\"300\" align=\"center\" valign=\"middle\"><strong>PER\u00cdODO&nbsp;<\/strong><\/th>\r\n  <\/tr>\r\n  <tr>\r\n    <td>&nbsp;&nbsp;&nbsp;Thais Maria Ferreira de Souza Vieira (Diretora)<\/td>\r\n    <td align=\"center\">ESALQ<\/td>\r\n    <td align=\"center\">17\/01\/2023 a 16\/01\/2027<\/td>\r\n  <\/tr>\r\n  <\/table>\t\t<\/div>\n\t\t\t\t<\/div>\n\t\t\t\t\t<\/div>\n\t\t<\/div>\n\t\t\t\t\t<\/div>\n\t\t<\/section>\n\t\t\t\t<section class=\"elementor-section elementor-top-section elementor-element elementor-element-3fa2339 elementor-section-boxed elementor-section-height-default elementor-section-height-default\" data-id=\"3fa2339\" data-element_type=\"section\">\n\t\t\t\t\t\t<div class=\"elementor-container elementor-column-gap-default\">\n\t\t\t\t\t<div class=\"elementor-column elementor-col-100 elementor-top-column elementor-element elementor-element-d957261\" data-id=\"d957261\" data-element_type=\"column\">\n\t\t\t<div class=\"elementor-widget-wrap elementor-element-populated\">\n\t\t\t\t\t\t<div class=\"elementor-element elementor-element-ed57216 elementor-widget elementor-widget-html\" data-id=\"ed57216\" data-element_type=\"widget\" data-widget_type=\"html.default\">\n\t\t\t\t<div class=\"elementor-widget-container\">\n\t\t\t <table style=\"line-height: 0.5;\" cellpadding=\"0\" cellspacing=\"0\" width=\"900\" border=\"0\">\r\n  <tr bgcolor=\"#EAEAEA\">\r\n    <th><strong>DIRETOR DO CENA<\/strong><\/th>\r\n<th width=\"200\" align=\"center\" valign=\"middle\"><strong>UNIDADE<\/strong>&nbsp;<\/th>\r\n    <th width=\"300\" align=\"center\" valign=\"middle\"> <strong>PER\u00cdODO&nbsp;<\/strong><\/th>\r\n  <tr>\r\n    <td>&nbsp;&nbsp;&nbsp;Adriana Pinheiro Martinelli (Diretora)<\/td>\r\n    <td align=\"center\">CENA<\/td>\r\n    <td align=\"center\">23\/02\/2026 a 22\/02\/2030<\/td>\r\n  <\/tr>\r\n  <\/table>\t\t<\/div>\n\t\t\t\t<\/div>\n\t\t\t\t<div class=\"elementor-element elementor-element-cb3d7c8 elementor-widget elementor-widget-html\" data-id=\"cb3d7c8\" data-element_type=\"widget\" data-widget_type=\"html.default\">\n\t\t\t\t<div class=\"elementor-widget-container\">\n\t\t\t<table style=\"line-height: 0.5;\" cellpadding=\"0\" cellspacing=\"0\" width=\"900\" border=\"0\">\r\n  <tr bgcolor=\"#EAEAEA\">\r\n    <th><strong>REPRESENTA\u00c7\u00c3O DOCENTE DO CENA<\/strong><\/th>\r\n<th width=\"200\" align=\"center\" valign=\"middle\"><strong>UNIDADE<\/strong>&nbsp;<\/th>\r\n<th width=\"300\" align=\"center\" valign=\"middle\"><strong>PER\u00cdODO&nbsp;<\/strong><\/th>\r\n  <\/tr>\r\n  <tr>\r\n    <td>&nbsp;&nbsp;&nbsp;Adriana Pinheiro Martinelli (Titular)<\/td>\r\n    <td align=\"center\">CENA<\/td>\r\n    <td align=\"center\">08\/04\/2025 a 07\/04\/2027<\/td>\r\n  <\/tr>\r\n  <tr>\r\n    <td>&nbsp;&nbsp;&nbsp;Lucas William Mendes (Suplente)<\/td>\r\n    <td align=\"center\"><\/td>\r\n    <td align=\"center\"><\/td>\r\n  <\/tr>\r\n  <tr>\r\n    <td>&nbsp;&nbsp;&nbsp;Cassio Hamilton Abreu Junior (Titular)<\/td>\r\n    <td align=\"center\"><\/td>\r\n    <td align=\"center\"><\/td>\r\n  <\/tr>\r\n  <tr>\r\n    <td>&nbsp;&nbsp;&nbsp;Alex Virgilio (Suplente)<\/td>\r\n    <td align=\"center\"><\/td>\r\n    <td align=\"center\"><\/td>\r\n<\/tr>    \r\n <tr>\r\n    <td>&nbsp;&nbsp;&nbsp;Giuliano Maselli Locosselli (Titular)<\/td>\r\n    <td align=\"center\"><\/td>\r\n    <td align=\"center\"><\/td>\r\n  <\/tr>\r\n <tr>\r\n    <td>&nbsp;&nbsp;&nbsp;Ernani Pinto Junior (Suplente)<\/td>\r\n    <td align=\"center\"><\/td>\r\n    <td align=\"center\"><\/td>\r\n  <\/tr>  \r\n <tr>\r\n    <td>&nbsp;&nbsp;&nbsp;Kassio Ferreira Mendes (Titular)<\/td>\r\n    <td align=\"center\"><\/td>\r\n    <td align=\"center\"><\/td>\r\n  <\/tr>\r\n <tr>\r\n    <td>&nbsp;&nbsp;&nbsp;Quirijn de Jong van Lier (Suplente)<\/td>\r\n    <td align=\"center\"><\/td>\r\n    <td align=\"center\"><\/td>\r\n  <\/tr>\r\n<\/table>\t\t<\/div>\n\t\t\t\t<\/div>\n\t\t\t\t\t<\/div>\n\t\t<\/div>\n\t\t\t\t\t<\/div>\n\t\t<\/section>\n\t\t\t\t<section class=\"elementor-section elementor-top-section elementor-element elementor-element-9242f78 elementor-section-boxed elementor-section-height-default elementor-section-height-default\" data-id=\"9242f78\" data-element_type=\"section\">\n\t\t\t\t\t\t<div class=\"elementor-container elementor-column-gap-default\">\n\t\t\t\t\t<div class=\"elementor-column elementor-col-100 elementor-top-column elementor-element elementor-element-f1d2bdc\" data-id=\"f1d2bdc\" data-element_type=\"column\">\n\t\t\t<div class=\"elementor-widget-wrap elementor-element-populated\">\n\t\t\t\t\t\t<div class=\"elementor-element elementor-element-1fbe94a elementor-widget elementor-widget-html\" data-id=\"1fbe94a\" data-element_type=\"widget\" data-widget_type=\"html.default\">\n\t\t\t\t<div class=\"elementor-widget-container\">\n\t\t\t \r\n  <table style=\"line-height: 0.5;\" cellpadding=\"0\" cellspacing=\"0\" width=\"900\" border=\"0\">\r\n  <tr bgcolor=\"#EAEAEA\">\r\n    <th><strong>REPRESENTA\u00c7\u00c3O DOCENTE DA ESALQ<\/strong><\/th>\r\n    <th width=\"200\" align=\"center\" valign=\"middle\">&nbsp;<\/th>\r\n    <th width=\"300\" align=\"center\" valign=\"middle\"><strong>PER\u00cdODO&nbsp;<\/strong><\/th>\r\n  <\/tr>\r\n  <tr>\r\n    <td>&nbsp;&nbsp;&nbsp;Carlos Antonio Costa do Nascimento (Titular)<\/td>\r\n    <td align=\"center\">ESALQ<\/td>\r\n    <td align=\"center\">08\/04\/2025 a 07\/04\/2027<\/td>\r\n  <\/tr>\r\n<tr>\r\n<td>&nbsp;&nbsp;&nbsp;Renan Caldas Umburanas (Suplente)<\/td>\r\n<td align=\"center\">&nbsp;<\/td>\r\n<td align=\"center\"><\/td>\r\n<\/tr>\r\n<tr>\r\n<td>&nbsp;&nbsp;&nbsp;Helaine Carrer (Titular)<\/td>\r\n<td align=\"center\">&nbsp;<\/td>\r\n<td align=\"center\"><\/td>\r\n<\/tr>\r\n<tr>\r\n<td>&nbsp;&nbsp;&nbsp;Maria Carolina Quecine Verdi (Suplente)<\/td>\r\n<td align=\"center\">&nbsp;<\/td>\r\n<td align=\"center\"><\/td>\r\n<\/tr>\r\n<tr>\r\n<td>&nbsp;&nbsp;&nbsp;Iran Jos\u00e9 Oliveira da Silva (Titular)<\/td>\r\n<td align=\"center\">&nbsp;<\/td>\r\n<td align=\"center\"><\/td>\r\n<\/tr>\r\n<tr>\r\n<td>&nbsp;&nbsp;&nbsp;S\u00f4nia Maria de Stefano Piedade (Suplente)<\/td>\r\n<td align=\"center\">&nbsp;<\/td>\r\n<td align=\"center\"><\/td>\r\n<\/tr>\r\n<tr>\r\n<td>&nbsp;&nbsp;&nbsp;Marcos Yassuo Kamogawa (Titular)<\/td>\r\n<td align=\"center\">&nbsp;<\/td>\r\n<td align=\"center\"><\/td>\r\n<\/tr>\r\n<tr>\r\n<td>&nbsp;&nbsp;&nbsp;Jos\u00e9 Belasque Junior (Suplente)<\/td>\r\n<td align=\"center\">&nbsp;<\/td>\r\n<td align=\"center\"><\/td>\r\n<\/tr>\r\n<\/table>\t\t<\/div>\n\t\t\t\t<\/div>\n\t\t\t\t\t<\/div>\n\t\t<\/div>\n\t\t\t\t\t<\/div>\n\t\t<\/section>\n\t\t\t\t<section class=\"elementor-section elementor-top-section elementor-element elementor-element-e86063a elementor-section-boxed elementor-section-height-default elementor-section-height-default\" data-id=\"e86063a\" data-element_type=\"section\">\n\t\t\t\t\t\t<div class=\"elementor-container elementor-column-gap-default\">\n\t\t\t\t\t<div class=\"elementor-column elementor-col-100 elementor-top-column elementor-element elementor-element-99f030a\" data-id=\"99f030a\" data-element_type=\"column\">\n\t\t\t<div class=\"elementor-widget-wrap elementor-element-populated\">\n\t\t\t\t\t\t<div class=\"elementor-element elementor-element-d43199c elementor-widget elementor-widget-html\" data-id=\"d43199c\" data-element_type=\"widget\" data-widget_type=\"html.default\">\n\t\t\t\t<div class=\"elementor-widget-container\">\n\t\t\t   <table style=\"line-height: 0.5;\" cellpadding=\"0\" cellspacing=\"0\" width=\"900\" border=\"0\">\r\n  <tr bgcolor=\"#EAEAEA\">\r\n    <th><strong>REPRESENTA\u00c7\u00c3O DOS SERVIDORES T\u00c9CNICO-ADMINISTRATIVOS<\/strong><\/th>\r\n    <th width=\"200\" align=\"center\" valign=\"middle\">&nbsp;<\/th>\r\n    <th width=\"300\" align=\"center\" valign=\"middle\"><strong>PER\u00cdODO&nbsp;<\/strong><\/th>\r\n  <\/tr>\r\n  <tr>\r\n    <td>&nbsp;&nbsp;&nbsp;Paulo Jaoud\u00e9 (Titular)<\/td>\r\n    <td align=\"center\">ESALQ<\/td>\r\n    <td align=\"center\">08\/04\/2025 a 07\/04\/2027\r\n<\/td>\r\n  <\/tr>\r\n<tr>\r\n<td>&nbsp;&nbsp;&nbsp;Gerhard Waller (Suplente)<\/td>\r\n<td align=\"center\">ESALQ\r\n<\/td>\r\n<td align=\"center\"><\/td>\r\n<\/tr>\r\n<\/table>\t\t<\/div>\n\t\t\t\t<\/div>\n\t\t\t\t<div class=\"elementor-element elementor-element-d2917ca elementor-widget elementor-widget-html\" data-id=\"d2917ca\" data-element_type=\"widget\" data-widget_type=\"html.default\">\n\t\t\t\t<div class=\"elementor-widget-container\">\n\t\t\t <table style=\"line-height: 0.5;\" cellpadding=\"0\" cellspacing=\"0\" width=\"900\" border=\"0\">\r\n  <tr bgcolor=\"#EAEAEA\">\r\n    <th><strong>REPRESENTA\u00c7\u00c3O DISCENTE - GRADUA\u00c7\u00c3O<\/strong><\/th>\r\n<th width=\"200\" align=\"center\" valign=\"middle\">&nbsp;<\/th>\r\n    <th width=\"300\" align=\"center\" valign=\"middle\"><strong>PER\u00cdODO&nbsp;<\/strong><\/th>\r\n      <\/tr>\r\n<tr>      \r\n<td>&nbsp;&nbsp;&nbsp;Rafael Domingues Aragoni (Titular)<\/td>\r\n  <td align=\"center\">ESALQ<\/td>\r\n  <td align=\"center\">05\/04\/2025 a 04\/04\/2026\r\n<\/td>\r\n<\/tr>\r\n<tr>      \r\n<td>&nbsp;&nbsp;&nbsp;Vinicius Caeiro de Farias (Suplente)<\/td>\r\n  <td align=\"center\">ESALQ<\/td>\r\n  <td align=\"center\">\r\n<\/td>\r\n<\/tr>\r\n<\/table>\r\n\r\n <table style=\"line-height: 0.5;\" cellpadding=\"0\" cellspacing=\"0\" width=\"900\" border=\"0\">\r\n  <tr bgcolor=\"#EAEAEA\">\r\n    <th><strong>REPRESENTANTE DISCENTE \u2013 P\u00d3S-GRADUA\u00c7\u00c3O<\/strong><\/th>\r\n<th width=\"200\" align=\"center\" valign=\"middle\">&nbsp;<\/th>\r\n    <th width=\"300\" align=\"center\" valign=\"middle\"><strong>PER\u00cdODO&nbsp;<\/strong><\/th>\r\n      <\/tr>\r\n<tr>      \r\n<td>&nbsp;&nbsp;&nbsp;Aline Gon\u00e7alves Barbosa (Titular)<\/td>\r\n  <td align=\"center\">PG Interunid.<\/td>\r\n  <td align=\"center\">05\/04\/2025 a 04\/04\/2026\r\n<\/td>\r\n<\/tr>\r\n<tr>      \r\n<td>&nbsp;&nbsp;&nbsp;Henrique Nery Cipriani (Suplente)<\/td>\r\n  <td align=\"center\">CENA<\/td>\r\n  <td align=\"center\">\r\n<\/td>\r\n<\/tr>\r\n<\/table>\r\n\r\n<table style=\"line-height: 0.5;\" cellpadding=\"0\" cellspacing=\"0\" width=\"900\" border=\"0\">\r\n  <tr bgcolor=\"#EAEAEA\">\r\n    <th><strong>REPRESENTANTE DE EXPRESS\u00c3O DA REGI\u00c3O<\/strong><\/th>\r\n<th width=\"200\" align=\"center\" valign=\"middle\">&nbsp;<\/th>\r\n    <th width=\"300\" align=\"center\" valign=\"middle\"><strong>PER\u00cdODO&nbsp;<\/strong><\/th>\r\n      <\/tr>\r\n<tr>      \r\n<td>&nbsp;&nbsp;&nbsp;Nancy Aparecida Ferruzzi Thame<\/td>\r\n  <td align=\"center\">-<\/td>\r\n  <td align=\"center\">05\/03\/2026 a 04\/03\/2027\r\n<\/td>\r\n<\/tr>\r\n<\/table>\t\t<\/div>\n\t\t\t\t<\/div>\n\t\t\t\t\t<\/div>\n\t\t<\/div>\n\t\t\t\t\t<\/div>\n\t\t<\/section>\n\t\t\t\t<\/div>\n\t\t","protected":false},"excerpt":{"rendered":"<p>COMPOSI\u00c7\u00c3O DO CONSELHO GESTOR DO CAMPUS &#8220;LUIZ DE QUEIROZ&#8221; PRESID\u00caNCIA UNIDADE&nbsp; PER\u00cdODO&nbsp; &nbsp;&nbsp;&nbsp;Presidente:&nbsp;Profa. Dra. Thais Maria Ferreira de Souza Vieiras ESALQ 13\/10\/2025 a 12\/10\/2026 &nbsp;&nbsp;&nbsp;Vice-Presidente:&nbsp;Profa. Dra. Adriana Pinheiro Martinelli CENA 09\/03\/2026 PREFEITO UNIDADE&nbsp; PER\u00cdODO&nbsp; &nbsp;&nbsp;&nbsp;Prefeito: Luciano Mendes PUSP-LQ A partir de 01\/03\/2023 DIRETOR DA ESALQ UNIDADE&nbsp; PER\u00cdODO&nbsp; &nbsp;&nbsp;&nbsp;Thais Maria Ferreira de Souza Vieira (Diretora) ESALQ [&hellip;]<\/p>\n","protected":false},"author":23873,"featured_media":0,"parent":3142,"menu_order":1,"comment_status":"closed","ping_status":"closed","template":"elementor_header_footer","meta":{"_monsterinsights_skip_tracking":false,"_monsterinsights_sitenote_active":false,"_monsterinsights_sitenote_note":"","_monsterinsights_sitenote_category":0,"footnotes":"","_links_to":"","_links_to_target":""},"class_list":["post-3158","page","type-page","status-publish","hentry","entry"],"_links":{"self":[{"href":"https:\/\/pusplq.usp.br\/index.php?rest_route=\/wp\/v2\/pages\/3158","targetHints":{"allow":["GET"]}}],"collection":[{"href":"https:\/\/pusplq.usp.br\/index.php?rest_route=\/wp\/v2\/pages"}],"about":[{"href":"https:\/\/pusplq.usp.br\/index.php?rest_route=\/wp\/v2\/types\/page"}],"author":[{"embeddable":true,"href":"https:\/\/pusplq.usp.br\/index.php?rest_route=\/wp\/v2\/users\/23873"}],"replies":[{"embeddable":true,"href":"https:\/\/pusplq.usp.br\/index.php?rest_route=%2Fwp%2Fv2%2Fcomments&post=3158"}],"version-history":[{"count":4,"href":"https:\/\/pusplq.usp.br\/index.php?rest_route=\/wp\/v2\/pages\/3158\/revisions"}],"predecessor-version":[{"id":13724,"href":"https:\/\/pusplq.usp.br\/index.php?rest_route=\/wp\/v2\/pages\/3158\/revisions\/13724"}],"up":[{"embeddable":true,"href":"https:\/\/pusplq.usp.br\/index.php?rest_route=\/wp\/v2\/pages\/3142"}],"wp:attachment":[{"href":"https:\/\/pusplq.usp.br\/index.php?rest_route=%2Fwp%2Fv2%2Fmedia&parent=3158"}],"curies":[{"name":"wp","href":"https:\/\/api.w.org\/{rel}","templated":true}]}}