{"id":4004,"date":"2024-06-28T08:13:11","date_gmt":"2024-06-28T11:13:11","guid":{"rendered":"https:\/\/sites.usp.br\/pusplq\/?page_id=4004"},"modified":"2026-01-20T09:58:54","modified_gmt":"2026-01-20T12:58:54","slug":"divisao-administrativa","status":"publish","type":"page","link":"https:\/\/pusplq.usp.br\/?page_id=4004","title":{"rendered":"Divis\u00e3o Administrativa"},"content":{"rendered":"\t\t<div data-elementor-type=\"wp-page\" data-elementor-id=\"4004\" class=\"elementor elementor-4004\" data-elementor-post-type=\"page\">\n\t\t\t\t\t\t<section class=\"elementor-section elementor-top-section elementor-element elementor-element-acb6d5b elementor-section-boxed elementor-section-height-default elementor-section-height-default\" data-id=\"acb6d5b\" data-element_type=\"section\">\n\t\t\t\t\t\t<div class=\"elementor-container elementor-column-gap-default\">\n\t\t\t\t\t<div class=\"elementor-column elementor-col-100 elementor-top-column elementor-element elementor-element-790a049\" data-id=\"790a049\" data-element_type=\"column\" data-settings=\"{&quot;background_background&quot;:&quot;classic&quot;}\">\n\t\t\t<div class=\"elementor-widget-wrap elementor-element-populated\">\n\t\t\t\t\t\t<div class=\"elementor-element elementor-element-3effeb3 elementor-widget elementor-widget-heading\" data-id=\"3effeb3\" data-element_type=\"widget\" data-widget_type=\"heading.default\">\n\t\t\t\t<div class=\"elementor-widget-container\">\n\t\t\t<h2 class=\"elementor-heading-title elementor-size-default\">Divis\u00e3o Administrativa <\/h2>\t\t<\/div>\n\t\t\t\t<\/div>\n\t\t\t\t\t<\/div>\n\t\t<\/div>\n\t\t\t\t\t<\/div>\n\t\t<\/section>\n\t\t\t\t<section class=\"elementor-section elementor-top-section elementor-element elementor-element-9caa5fa elementor-section-boxed elementor-section-height-default elementor-section-height-default\" data-id=\"9caa5fa\" data-element_type=\"section\">\n\t\t\t\t\t\t<div class=\"elementor-container elementor-column-gap-default\">\n\t\t\t\t\t<div class=\"elementor-column elementor-col-100 elementor-top-column elementor-element elementor-element-4664952\" data-id=\"4664952\" data-element_type=\"column\">\n\t\t\t<div class=\"elementor-widget-wrap elementor-element-populated\">\n\t\t\t\t\t\t<div class=\"elementor-element elementor-element-9766e00 elementor-widget__width-initial elementor-widget elementor-widget-image\" data-id=\"9766e00\" data-element_type=\"widget\" data-widget_type=\"image.default\">\n\t\t\t\t<div class=\"elementor-widget-container\">\n\t\t\t\t\t\t\t\t\t\t\t\t\t<img fetchpriority=\"high\" decoding=\"async\" width=\"1024\" height=\"687\" src=\"https:\/\/pusplq.usp.br\/wp-content\/uploads\/sites\/1403\/2024\/09\/dvmanoper03-1.jpg\" class=\"attachment-full size-full wp-image-5543\" alt=\"\" srcset=\"https:\/\/pusplq.usp.br\/wp-content\/uploads\/sites\/1403\/2024\/09\/dvmanoper03-1.jpg 1024w, https:\/\/pusplq.usp.br\/wp-content\/uploads\/sites\/1403\/2024\/09\/dvmanoper03-1-300x201.jpg 300w, https:\/\/pusplq.usp.br\/wp-content\/uploads\/sites\/1403\/2024\/09\/dvmanoper03-1-768x515.jpg 768w, https:\/\/pusplq.usp.br\/wp-content\/uploads\/sites\/1403\/2024\/09\/dvmanoper03-1-400x268.jpg 400w\" sizes=\"(max-width: 1024px) 100vw, 1024px\" \/>\t\t\t\t\t\t\t\t\t\t\t\t\t<\/div>\n\t\t\t\t<\/div>\n\t\t\t\t<div class=\"elementor-element elementor-element-56351b1 elementor-widget__width-initial elementor-widget elementor-widget-html\" data-id=\"56351b1\" data-element_type=\"widget\" data-widget_type=\"html.default\">\n\t\t\t\t<div class=\"elementor-widget-container\">\n\t\t\t<p style=\"text-align: justify\">Compete \u00e0 Divis\u00e3o Administrativa a miss\u00e3o de gerenciar a execu\u00e7\u00e3o or\u00e7ament\u00e1ria e financeira da Prefeitura do          Campus, efetuar compras e licita\u00e7\u00f5es, realizar o controle de materiais (almoxarifado e patrim\u00f4nio), efetuar o recebimento de taxas administrativas devidas \u00e0 PUSP-LQ, realizar pagamentos a fornecedores, realizar processos seletivos para contrata\u00e7\u00e3o de pessoal, providenciar os devidos registros e demais atividades concernentes \u00e0s rela\u00e7\u00f5es trabalhistas de seu quadro funcional, al\u00e9m de realizar controle de processos, malotes e demais documenta\u00e7\u00f5es que tramitem pela PUSP-LQ. Realiza, ainda, a gest\u00e3o dos contratos de servi\u00e7os terceirizados (limpeza e seguran\u00e7a). No exerc\u00edcio de suas atribui\u00e7\u00f5es, visa proporcionar recursos materiais, log\u00edsticos e de recursos humanos aos \u00f3rg\u00e3os internos da Prefeitura do Campus, a fim de realizarem suas atividades de infra-estrutura, atendimento \u00e0 comunidade e pr\u00e1ticas esportivas.<\/p>\r\n<br>\r\n\r\n<h2>\r\n<strong>Hor\u00e1rio de funcionamento: <br> de segunda a sexta-feira das 07:30 \u00e0s 11:30 e das 13:00 \u00e0s 17:00 <br> (exceto feriados e recesso.)<\/strong><\/h2>\r\n<h3>Chefe T\u00e9cnico de Divis\u00e3o<\/h3>Daniel Felipe de Camargo Franco<strong>\r\n<br>Telefone:<\/strong> (19) 3429-4040\r\n<br><a href=\"mailto:dfranco@usp.br\">dfranco@usp.br<\/a>\r\n<br>\r\n<br>\r\n<a href=\"\/?page_id=11419\"><strong>EQUIPE<\/strong><\/a>\r\n<br>\r\n<br>\r\nBeatriz Bortoletto da Costa<br>\r\n<strong>Telefone:<\/strong> (19) 3429 4291\r\n<br><a href=\"mailto:bbdcosta@usp.br\">bbdcosta@usp.br<\/a><br>\r\n<br>\r\nArnaldo Inouye Elias<br>\r\n<strong>Telefone:<\/strong> (19) 3429-4417 <br>\r\n<br>\r\nS\u00e9rgio Antonio Alves<br>\r\n<strong>Telefone:<\/strong>(19) 3429 4046<br>\r\n<br>\r\n\r\n<h2>\r\n<strong>Contato<\/strong><br>\r\n<a href=\"mailto:adm.lq@usp.br\">adm.lq@usp.br<\/a><\/h2>\r\n\t\t<\/div>\n\t\t\t\t<\/div>\n\t\t\t\t\t<\/div>\n\t\t<\/div>\n\t\t\t\t\t<\/div>\n\t\t<\/section>\n\t\t\t\t<\/div>\n\t\t","protected":false},"excerpt":{"rendered":"<p>Divis\u00e3o Administrativa Compete \u00e0 Divis\u00e3o Administrativa a miss\u00e3o de gerenciar a execu\u00e7\u00e3o or\u00e7ament\u00e1ria e financeira da Prefeitura do Campus, efetuar compras e licita\u00e7\u00f5es, realizar o controle de materiais (almoxarifado e patrim\u00f4nio), efetuar o recebimento de taxas administrativas devidas \u00e0 PUSP-LQ, realizar pagamentos a fornecedores, realizar processos seletivos para contrata\u00e7\u00e3o de pessoal, providenciar os devidos registros [&hellip;]<\/p>\n","protected":false},"author":23873,"featured_media":0,"parent":3152,"menu_order":10,"comment_status":"closed","ping_status":"closed","template":"elementor_header_footer","meta":{"_monsterinsights_skip_tracking":false,"_monsterinsights_sitenote_active":false,"_monsterinsights_sitenote_note":"","_monsterinsights_sitenote_category":0,"footnotes":"","_links_to":"","_links_to_target":""},"class_list":["post-4004","page","type-page","status-publish","hentry","entry"],"_links":{"self":[{"href":"https:\/\/pusplq.usp.br\/index.php?rest_route=\/wp\/v2\/pages\/4004","targetHints":{"allow":["GET"]}}],"collection":[{"href":"https:\/\/pusplq.usp.br\/index.php?rest_route=\/wp\/v2\/pages"}],"about":[{"href":"https:\/\/pusplq.usp.br\/index.php?rest_route=\/wp\/v2\/types\/page"}],"author":[{"embeddable":true,"href":"https:\/\/pusplq.usp.br\/index.php?rest_route=\/wp\/v2\/users\/23873"}],"replies":[{"embeddable":true,"href":"https:\/\/pusplq.usp.br\/index.php?rest_route=%2Fwp%2Fv2%2Fcomments&post=4004"}],"version-history":[{"count":4,"href":"https:\/\/pusplq.usp.br\/index.php?rest_route=\/wp\/v2\/pages\/4004\/revisions"}],"predecessor-version":[{"id":12952,"href":"https:\/\/pusplq.usp.br\/index.php?rest_route=\/wp\/v2\/pages\/4004\/revisions\/12952"}],"up":[{"embeddable":true,"href":"https:\/\/pusplq.usp.br\/index.php?rest_route=\/wp\/v2\/pages\/3152"}],"wp:attachment":[{"href":"https:\/\/pusplq.usp.br\/index.php?rest_route=%2Fwp%2Fv2%2Fmedia&parent=4004"}],"curies":[{"name":"wp","href":"https:\/\/api.w.org\/{rel}","templated":true}]}}