{"id":4163,"date":"2024-07-15T09:10:00","date_gmt":"2024-07-15T12:10:00","guid":{"rendered":"https:\/\/sites.usp.br\/pusplq\/?page_id=4163"},"modified":"2026-02-11T08:14:20","modified_gmt":"2026-02-11T11:14:20","slug":"moradia-fora-do-campus-2","status":"publish","type":"page","link":"https:\/\/pusplq.usp.br\/?page_id=4163","title":{"rendered":"Moradia Fora do Campus"},"content":{"rendered":"\t\t<div data-elementor-type=\"wp-page\" data-elementor-id=\"4163\" class=\"elementor elementor-4163\" data-elementor-post-type=\"page\">\n\t\t\t\t\t\t<section class=\"elementor-section elementor-top-section elementor-element elementor-element-a617c71 elementor-section-boxed elementor-section-height-default elementor-section-height-default\" data-id=\"a617c71\" data-element_type=\"section\">\n\t\t\t\t\t\t<div class=\"elementor-container elementor-column-gap-default\">\n\t\t\t\t\t<div class=\"elementor-column elementor-col-100 elementor-top-column elementor-element elementor-element-f298f9e\" data-id=\"f298f9e\" data-element_type=\"column\">\n\t\t\t<div class=\"elementor-widget-wrap elementor-element-populated\">\n\t\t\t\t\t\t<div class=\"elementor-element elementor-element-14b2bdd elementor-widget elementor-widget-heading\" data-id=\"14b2bdd\" data-element_type=\"widget\" data-widget_type=\"heading.default\">\n\t\t\t\t<div class=\"elementor-widget-container\">\n\t\t\t<h2 class=\"elementor-heading-title elementor-size-default\">Moradias<\/h2>\t\t<\/div>\n\t\t\t\t<\/div>\n\t\t\t\t\t<\/div>\n\t\t<\/div>\n\t\t\t\t\t<\/div>\n\t\t<\/section>\n\t\t\t\t<section class=\"elementor-section elementor-top-section elementor-element elementor-element-146305f elementor-section-boxed elementor-section-height-default elementor-section-height-default\" data-id=\"146305f\" data-element_type=\"section\">\n\t\t\t\t\t\t<div class=\"elementor-container elementor-column-gap-default\">\n\t\t\t\t\t<div class=\"elementor-column elementor-col-100 elementor-top-column elementor-element elementor-element-fd27aca\" data-id=\"fd27aca\" data-element_type=\"column\">\n\t\t\t<div class=\"elementor-widget-wrap elementor-element-populated\">\n\t\t\t\t\t\t<div class=\"elementor-element elementor-element-393153d elementor-nav-menu__align-start elementor-nav-menu--dropdown-mobile elementor-nav-menu__text-align-aside elementor-nav-menu--toggle elementor-nav-menu--burger elementor-widget elementor-widget-nav-menu\" data-id=\"393153d\" data-element_type=\"widget\" data-settings=\"{&quot;submenu_icon&quot;:{&quot;value&quot;:&quot;&lt;i class=\\&quot;\\&quot;&gt;&lt;\\\/i&gt;&quot;,&quot;library&quot;:&quot;&quot;},&quot;toggle_icon_hover_animation&quot;:&quot;grow&quot;,&quot;layout&quot;:&quot;horizontal&quot;,&quot;toggle&quot;:&quot;burger&quot;}\" data-widget_type=\"nav-menu.default\">\n\t\t\t\t<div class=\"elementor-widget-container\">\n\t\t\t\t\t\t<nav aria-label=\"Menu\" class=\"elementor-nav-menu--main elementor-nav-menu__container elementor-nav-menu--layout-horizontal e--pointer-none\">\n\t\t\t\t<ul id=\"menu-1-393153d\" class=\"elementor-nav-menu\"><li class=\"menu-item menu-item-type-post_type menu-item-object-page menu-item-4168\"><a href=\"https:\/\/pusplq.usp.br\/?page_id=4153\" class=\"elementor-item\">Moradia do Campus: CEU<\/a><\/li>\n<li class=\"menu-item menu-item-type-post_type menu-item-object-page menu-item-4167\"><a href=\"https:\/\/pusplq.usp.br\/?page_id=4155\" class=\"elementor-item\">P\u00f3s-Gradua\u00e7\u00e3o<\/a><\/li>\n<li class=\"menu-item menu-item-type-post_type menu-item-object-page menu-item-4166\"><a href=\"https:\/\/pusplq.usp.br\/?page_id=4163\" class=\"elementor-item\">Moradias Fora do Campus<\/a><\/li>\n<li class=\"menu-item menu-item-type-post_type menu-item-object-page menu-item-4165\"><a href=\"https:\/\/pusplq.usp.br\/?page_id=3156\" class=\"elementor-item\">Fale Conosco<\/a><\/li>\n<\/ul>\t\t\t<\/nav>\n\t\t\t\t\t<div class=\"elementor-menu-toggle\" role=\"button\" tabindex=\"0\" aria-label=\"Alternar menu\" aria-expanded=\"false\">\n\t\t\t<i aria-hidden=\"true\" role=\"presentation\" class=\"elementor-menu-toggle__icon--open elementor-animation-grow eicon-menu-bar\"><\/i><i aria-hidden=\"true\" role=\"presentation\" class=\"elementor-menu-toggle__icon--close elementor-animation-grow eicon-close\"><\/i>\t\t\t<span class=\"elementor-screen-only\">Menu<\/span>\n\t\t<\/div>\n\t\t\t\t\t<nav class=\"elementor-nav-menu--dropdown elementor-nav-menu__container\" aria-hidden=\"true\">\n\t\t\t\t<ul id=\"menu-2-393153d\" class=\"elementor-nav-menu\"><li class=\"menu-item menu-item-type-post_type menu-item-object-page menu-item-4168\"><a href=\"https:\/\/pusplq.usp.br\/?page_id=4153\" class=\"elementor-item\" tabindex=\"-1\">Moradia do Campus: CEU<\/a><\/li>\n<li class=\"menu-item menu-item-type-post_type menu-item-object-page menu-item-4167\"><a href=\"https:\/\/pusplq.usp.br\/?page_id=4155\" class=\"elementor-item\" tabindex=\"-1\">P\u00f3s-Gradua\u00e7\u00e3o<\/a><\/li>\n<li class=\"menu-item menu-item-type-post_type menu-item-object-page menu-item-4166\"><a href=\"https:\/\/pusplq.usp.br\/?page_id=4163\" class=\"elementor-item\" tabindex=\"-1\">Moradias Fora do Campus<\/a><\/li>\n<li class=\"menu-item menu-item-type-post_type menu-item-object-page menu-item-4165\"><a href=\"https:\/\/pusplq.usp.br\/?page_id=3156\" class=\"elementor-item\" tabindex=\"-1\">Fale Conosco<\/a><\/li>\n<\/ul>\t\t\t<\/nav>\n\t\t\t\t<\/div>\n\t\t\t\t<\/div>\n\t\t\t\t\t<\/div>\n\t\t<\/div>\n\t\t\t\t\t<\/div>\n\t\t<\/section>\n\t\t\t\t<section class=\"elementor-section elementor-top-section elementor-element elementor-element-b0b0f5d elementor-section-boxed elementor-section-height-default elementor-section-height-default\" data-id=\"b0b0f5d\" data-element_type=\"section\">\n\t\t\t\t\t\t<div class=\"elementor-container elementor-column-gap-default\">\n\t\t\t\t\t<div class=\"elementor-column elementor-col-50 elementor-top-column elementor-element elementor-element-5ffd748\" data-id=\"5ffd748\" data-element_type=\"column\">\n\t\t\t<div class=\"elementor-widget-wrap elementor-element-populated\">\n\t\t\t\t\t\t<div class=\"elementor-element elementor-element-8e3c50c elementor-widget__width-initial elementor-widget elementor-widget-html\" data-id=\"8e3c50c\" data-element_type=\"widget\" data-widget_type=\"html.default\">\n\t\t\t\t<div class=\"elementor-widget-container\">\n\t\t\t<p style=\"text-align:justify\">Piracicaba oferece v\u00e1rias op\u00e7\u00f5es de moradia nos bairros pr\u00f3ximos ao campus, como S\u00e3o Dimas, Vila Independ\u00eancia, S\u00e3o Judas, Bairro dos Alem\u00e3es, Bairro Alto, Jardim Bras\u00edlia, Vila Monteiro, facilitando a locomo\u00e7\u00e3o e o acesso a servi\u00e7os como supermercado e transporte.<\/p>\r\n<br>\r\n<p style=\"text-align:justify\">Para al\u00e9m das moradias do campus, os estudantes se organizam em grupo ou em \u00e1reas individuais como casas, apartamentos, kitnets, casas de fam\u00edlia, pensionatos e rep\u00fablicas. O importante \u00e9 saber quanto poder\u00e1 pagar, com quantas pessoas deseja morar, se prefere locais mais tranquilos ou mais agitados, para fazer uma boa escolha.<\/p>\r\n<br>\r\n\r\n<strong>Rela\u00e7\u00e3o de Flats, Pensionatos, Casas de Fam\u00edlia:<\/strong>\r\n<br>\r\nExistem muitas op\u00e7\u00f5es desse tipo de moradia dispon\u00edveis para alunos\/as pr\u00f3ximos a ESALQ\/CENA.\r\n\r\n\t\t<\/div>\n\t\t\t\t<\/div>\n\t\t\t\t<div class=\"elementor-element elementor-element-28d3f43 elementor-widget__width-initial elementor-widget elementor-widget-image\" data-id=\"28d3f43\" data-element_type=\"widget\" data-widget_type=\"image.default\">\n\t\t\t\t<div class=\"elementor-widget-container\">\n\t\t\t\t\t\t\t\t\t\t\t\t\t\t<a href=\"https:\/\/pusplq.usp.br\/wp-content\/uploads\/sites\/1403\/2026\/02\/MoradiasForaCampuscomendereo2026-corrigido.pdf\" target=\"_blank\">\n\t\t\t\t\t\t\t<img decoding=\"async\" width=\"300\" height=\"75\" src=\"https:\/\/pusplq.usp.br\/wp-content\/uploads\/sites\/1403\/2025\/02\/bt_clique_aqui-300x75.png\" class=\"attachment-medium size-medium wp-image-9248\" alt=\"\" srcset=\"https:\/\/pusplq.usp.br\/wp-content\/uploads\/sites\/1403\/2025\/02\/bt_clique_aqui-300x75.png 300w, https:\/\/pusplq.usp.br\/wp-content\/uploads\/sites\/1403\/2025\/02\/bt_clique_aqui-280x70.png 280w, https:\/\/pusplq.usp.br\/wp-content\/uploads\/sites\/1403\/2025\/02\/bt_clique_aqui-400x100.png 400w, https:\/\/pusplq.usp.br\/wp-content\/uploads\/sites\/1403\/2025\/02\/bt_clique_aqui.png 600w\" sizes=\"(max-width: 300px) 100vw, 300px\" \/>\t\t\t\t\t\t\t\t<\/a>\n\t\t\t\t\t\t\t\t\t\t\t\t\t<\/div>\n\t\t\t\t<\/div>\n\t\t\t\t<div class=\"elementor-element elementor-element-8d7b964 elementor-widget__width-initial elementor-widget elementor-widget-html\" data-id=\"8d7b964\" data-element_type=\"widget\" data-widget_type=\"html.default\">\n\t\t\t\t<div class=\"elementor-widget-container\">\n\t\t\t<br>\r\n<br>\r\n<h2><center>\r\n    <strong>Nosso Contato: <\/strong>\r\n<br>\r\n<strong><a href=\"mailto:social.lq@usp.br\">social.lq@usp.br<\/a><\/strong> e no <br> WhatsApp: (19) 97158 8614\r\n<img decoding=\"async\" src=\"scpsme\/fig_whatsapp.jpg\" style=\"float:none\" alt=\"\" \/>\r\n<\/h2>\r\n<br>\r\n<br>\r\n<br>\r\n<br>\r\n<strong>Atualizado em: 11\/02\/2026 8h00.<\/strong>\r\n<br>\r\n<\/center>\t\t<\/div>\n\t\t\t\t<\/div>\n\t\t\t\t\t<\/div>\n\t\t<\/div>\n\t\t\t\t<div class=\"elementor-column elementor-col-50 elementor-top-column elementor-element elementor-element-d968d02\" data-id=\"d968d02\" data-element_type=\"column\">\n\t\t\t<div class=\"elementor-widget-wrap elementor-element-populated\">\n\t\t\t\t\t\t<div class=\"elementor-element elementor-element-7644ff4 elementor-widget__width-initial elementor-widget elementor-widget-image\" data-id=\"7644ff4\" data-element_type=\"widget\" data-widget_type=\"image.default\">\n\t\t\t\t<div class=\"elementor-widget-container\">\n\t\t\t\t\t\t\t\t\t\t\t\t\t\t<a href=\"https:\/\/prip.usp.br\/apoio-estudantil\/\">\n\t\t\t\t\t\t\t<img fetchpriority=\"high\" decoding=\"async\" width=\"450\" height=\"200\" src=\"https:\/\/pusplq.usp.br\/wp-content\/uploads\/sites\/1403\/2024\/12\/logo_prip.jpg\" class=\"attachment-large size-large wp-image-7280\" alt=\"\" srcset=\"https:\/\/pusplq.usp.br\/wp-content\/uploads\/sites\/1403\/2024\/12\/logo_prip.jpg 450w, https:\/\/pusplq.usp.br\/wp-content\/uploads\/sites\/1403\/2024\/12\/logo_prip-300x133.jpg 300w, https:\/\/pusplq.usp.br\/wp-content\/uploads\/sites\/1403\/2024\/12\/logo_prip-280x124.jpg 280w, https:\/\/pusplq.usp.br\/wp-content\/uploads\/sites\/1403\/2024\/12\/logo_prip-400x178.jpg 400w\" sizes=\"(max-width: 450px) 100vw, 450px\" \/>\t\t\t\t\t\t\t\t<\/a>\n\t\t\t\t\t\t\t\t\t\t\t\t\t<\/div>\n\t\t\t\t<\/div>\n\t\t\t\t<div class=\"elementor-element elementor-element-a8df35d elementor-widget__width-initial elementor-widget elementor-widget-image\" data-id=\"a8df35d\" data-element_type=\"widget\" data-widget_type=\"image.default\">\n\t\t\t\t<div class=\"elementor-widget-container\">\n\t\t\t\t\t\t\t\t\t\t\t\t\t<img decoding=\"async\" width=\"600\" height=\"267\" src=\"https:\/\/pusplq.usp.br\/wp-content\/uploads\/sites\/1403\/2024\/12\/logo_moradia.png\" class=\"attachment-large size-large wp-image-7288\" alt=\"\" srcset=\"https:\/\/pusplq.usp.br\/wp-content\/uploads\/sites\/1403\/2024\/12\/logo_moradia.png 600w, https:\/\/pusplq.usp.br\/wp-content\/uploads\/sites\/1403\/2024\/12\/logo_moradia-300x134.png 300w, https:\/\/pusplq.usp.br\/wp-content\/uploads\/sites\/1403\/2024\/12\/logo_moradia-280x125.png 280w, https:\/\/pusplq.usp.br\/wp-content\/uploads\/sites\/1403\/2024\/12\/logo_moradia-400x178.png 400w\" sizes=\"(max-width: 600px) 100vw, 600px\" \/>\t\t\t\t\t\t\t\t\t\t\t\t\t<\/div>\n\t\t\t\t<\/div>\n\t\t\t\t<div class=\"elementor-element elementor-element-22561ab elementor-widget__width-initial elementor-widget elementor-widget-image\" data-id=\"22561ab\" data-element_type=\"widget\" data-widget_type=\"image.default\">\n\t\t\t\t<div class=\"elementor-widget-container\">\n\t\t\t\t\t\t\t\t\t\t\t\t\t\t<a href=\"http:\/\/cloud.pusplq.usp.br\/ubas\/\">\n\t\t\t\t\t\t\t<img loading=\"lazy\" decoding=\"async\" width=\"800\" height=\"400\" src=\"https:\/\/pusplq.usp.br\/wp-content\/uploads\/sites\/1403\/2024\/07\/bt_ubas.png\" class=\"attachment-large size-large wp-image-4737\" alt=\"\" srcset=\"https:\/\/pusplq.usp.br\/wp-content\/uploads\/sites\/1403\/2024\/07\/bt_ubas.png 800w, https:\/\/pusplq.usp.br\/wp-content\/uploads\/sites\/1403\/2024\/07\/bt_ubas-300x150.png 300w, https:\/\/pusplq.usp.br\/wp-content\/uploads\/sites\/1403\/2024\/07\/bt_ubas-768x384.png 768w, https:\/\/pusplq.usp.br\/wp-content\/uploads\/sites\/1403\/2024\/07\/bt_ubas-400x200.png 400w\" sizes=\"(max-width: 800px) 100vw, 800px\" \/>\t\t\t\t\t\t\t\t<\/a>\n\t\t\t\t\t\t\t\t\t\t\t\t\t<\/div>\n\t\t\t\t<\/div>\n\t\t\t\t<div class=\"elementor-element elementor-element-7cfc98a elementor-widget elementor-widget-image\" data-id=\"7cfc98a\" data-element_type=\"widget\" data-widget_type=\"image.default\">\n\t\t\t\t<div class=\"elementor-widget-container\">\n\t\t\t\t\t\t\t\t\t\t\t\t\t\t<a href=\"\/?page_id=4870\">\n\t\t\t\t\t\t\t<img loading=\"lazy\" decoding=\"async\" width=\"1024\" height=\"500\" src=\"https:\/\/pusplq.usp.br\/wp-content\/uploads\/sites\/1403\/2024\/11\/fig_scccin_logo.png\" class=\"attachment-large size-large wp-image-7203\" alt=\"\" srcset=\"https:\/\/pusplq.usp.br\/wp-content\/uploads\/sites\/1403\/2024\/11\/fig_scccin_logo.png 1024w, https:\/\/pusplq.usp.br\/wp-content\/uploads\/sites\/1403\/2024\/11\/fig_scccin_logo-300x146.png 300w, https:\/\/pusplq.usp.br\/wp-content\/uploads\/sites\/1403\/2024\/11\/fig_scccin_logo-768x375.png 768w, https:\/\/pusplq.usp.br\/wp-content\/uploads\/sites\/1403\/2024\/11\/fig_scccin_logo-280x137.png 280w, https:\/\/pusplq.usp.br\/wp-content\/uploads\/sites\/1403\/2024\/11\/fig_scccin_logo-400x195.png 400w\" sizes=\"(max-width: 1024px) 100vw, 1024px\" \/>\t\t\t\t\t\t\t\t<\/a>\n\t\t\t\t\t\t\t\t\t\t\t\t\t<\/div>\n\t\t\t\t<\/div>\n\t\t\t\t<div class=\"elementor-element elementor-element-47a5303 elementor-widget__width-initial elementor-widget elementor-widget-image\" data-id=\"47a5303\" data-element_type=\"widget\" data-widget_type=\"image.default\">\n\t\t\t\t<div class=\"elementor-widget-container\">\n\t\t\t\t\t\t\t\t\t\t\t\t\t\t<a href=\"https:\/\/pusplq.usp.br\/wp-content\/uploads\/sites\/1403\/2024\/12\/aplicativo_movel_2019.pdf\">\n\t\t\t\t\t\t\t<img loading=\"lazy\" decoding=\"async\" width=\"480\" height=\"320\" src=\"https:\/\/pusplq.usp.br\/wp-content\/uploads\/sites\/1403\/2024\/09\/app_seguranca.png\" class=\"attachment-large size-large wp-image-5467\" alt=\"\" srcset=\"https:\/\/pusplq.usp.br\/wp-content\/uploads\/sites\/1403\/2024\/09\/app_seguranca.png 480w, https:\/\/pusplq.usp.br\/wp-content\/uploads\/sites\/1403\/2024\/09\/app_seguranca-300x200.png 300w, https:\/\/pusplq.usp.br\/wp-content\/uploads\/sites\/1403\/2024\/09\/app_seguranca-400x267.png 400w\" sizes=\"(max-width: 480px) 100vw, 480px\" \/>\t\t\t\t\t\t\t\t<\/a>\n\t\t\t\t\t\t\t\t\t\t\t\t\t<\/div>\n\t\t\t\t<\/div>\n\t\t\t\t<div class=\"elementor-element elementor-element-5a7e377 elementor-widget elementor-widget-image\" data-id=\"5a7e377\" data-element_type=\"widget\" data-widget_type=\"image.default\">\n\t\t\t\t<div class=\"elementor-widget-container\">\n\t\t\t\t\t\t\t\t\t\t\t\t\t\t<a href=\"\/?page_id=4874\">\n\t\t\t\t\t\t\t<img loading=\"lazy\" decoding=\"async\" width=\"600\" height=\"320\" src=\"https:\/\/pusplq.usp.br\/wp-content\/uploads\/sites\/1403\/2024\/12\/fig_alimentacao.png\" class=\"attachment-large size-large wp-image-7317\" alt=\"\" srcset=\"https:\/\/pusplq.usp.br\/wp-content\/uploads\/sites\/1403\/2024\/12\/fig_alimentacao.png 600w, https:\/\/pusplq.usp.br\/wp-content\/uploads\/sites\/1403\/2024\/12\/fig_alimentacao-300x160.png 300w, https:\/\/pusplq.usp.br\/wp-content\/uploads\/sites\/1403\/2024\/12\/fig_alimentacao-280x149.png 280w, https:\/\/pusplq.usp.br\/wp-content\/uploads\/sites\/1403\/2024\/12\/fig_alimentacao-400x213.png 400w\" sizes=\"(max-width: 600px) 100vw, 600px\" \/>\t\t\t\t\t\t\t\t<\/a>\n\t\t\t\t\t\t\t\t\t\t\t\t\t<\/div>\n\t\t\t\t<\/div>\n\t\t\t\t<div class=\"elementor-element elementor-element-79dde27 elementor-widget__width-initial elementor-widget elementor-widget-image\" data-id=\"79dde27\" data-element_type=\"widget\" data-widget_type=\"image.default\">\n\t\t\t\t<div class=\"elementor-widget-container\">\n\t\t\t\t\t\t\t\t\t\t\t\t\t\t<a href=\"https:\/\/portalservicos.usp.br\/\">\n\t\t\t\t\t\t\t<img loading=\"lazy\" decoding=\"async\" width=\"600\" height=\"320\" src=\"https:\/\/pusplq.usp.br\/wp-content\/uploads\/sites\/1403\/2024\/12\/fig_portal_servicos.png\" class=\"attachment-large size-large wp-image-7321\" alt=\"\" srcset=\"https:\/\/pusplq.usp.br\/wp-content\/uploads\/sites\/1403\/2024\/12\/fig_portal_servicos.png 600w, https:\/\/pusplq.usp.br\/wp-content\/uploads\/sites\/1403\/2024\/12\/fig_portal_servicos-300x160.png 300w, https:\/\/pusplq.usp.br\/wp-content\/uploads\/sites\/1403\/2024\/12\/fig_portal_servicos-280x149.png 280w, https:\/\/pusplq.usp.br\/wp-content\/uploads\/sites\/1403\/2024\/12\/fig_portal_servicos-400x213.png 400w\" sizes=\"(max-width: 600px) 100vw, 600px\" \/>\t\t\t\t\t\t\t\t<\/a>\n\t\t\t\t\t\t\t\t\t\t\t\t\t<\/div>\n\t\t\t\t<\/div>\n\t\t\t\t<div class=\"elementor-element elementor-element-e4d7a7a elementor-widget elementor-widget-html\" data-id=\"e4d7a7a\" data-element_type=\"widget\" data-widget_type=\"html.default\">\n\t\t\t\t<div class=\"elementor-widget-container\">\n\t\t\t<div style=\"background-color:#FFFFFF;padding:10px;width:250px\"><a href=\"https:\/\/prip.usp.br\/apoio-estudantil\/\">Pr\u00f3 Reitoria de Inclus\u00e3o e Pertencimento\/PRIP: Editais, PAPFE, Resolu\u00e7\u00f5es<\/a><\/div>\t\t<\/div>\n\t\t\t\t<\/div>\n\t\t\t\t<div class=\"elementor-element elementor-element-7b8c278 elementor-widget elementor-widget-image\" data-id=\"7b8c278\" data-element_type=\"widget\" data-widget_type=\"image.default\">\n\t\t\t\t<div class=\"elementor-widget-container\">\n\t\t\t\t\t\t\t\t\t\t\t\t\t\t<a href=\"http:\/\/disquetrote@usp.br\" target=\"_blank\">\n\t\t\t\t\t\t\t<img loading=\"lazy\" decoding=\"async\" width=\"400\" height=\"500\" src=\"https:\/\/pusplq.usp.br\/wp-content\/uploads\/sites\/1403\/2024\/12\/fig_disktrote-1.png\" class=\"attachment-large size-large wp-image-7326\" alt=\"\" srcset=\"https:\/\/pusplq.usp.br\/wp-content\/uploads\/sites\/1403\/2024\/12\/fig_disktrote-1.png 400w, https:\/\/pusplq.usp.br\/wp-content\/uploads\/sites\/1403\/2024\/12\/fig_disktrote-1-240x300.png 240w, https:\/\/pusplq.usp.br\/wp-content\/uploads\/sites\/1403\/2024\/12\/fig_disktrote-1-280x350.png 280w\" sizes=\"(max-width: 400px) 100vw, 400px\" \/>\t\t\t\t\t\t\t\t<\/a>\n\t\t\t\t\t\t\t\t\t\t\t\t\t<\/div>\n\t\t\t\t<\/div>\n\t\t\t\t\t<\/div>\n\t\t<\/div>\n\t\t\t\t\t<\/div>\n\t\t<\/section>\n\t\t\t\t<\/div>\n\t\t","protected":false},"excerpt":{"rendered":"<p>Moradias Piracicaba oferece v\u00e1rias op\u00e7\u00f5es de moradia nos bairros pr\u00f3ximos ao campus, como S\u00e3o Dimas, Vila Independ\u00eancia, S\u00e3o Judas, Bairro dos Alem\u00e3es, Bairro Alto, Jardim Bras\u00edlia, Vila Monteiro, facilitando a locomo\u00e7\u00e3o e o acesso a servi\u00e7os como supermercado e transporte. Para al\u00e9m das moradias do campus, os estudantes se organizam em grupo ou em \u00e1reas [&hellip;]<\/p>\n","protected":false},"author":23873,"featured_media":0,"parent":4151,"menu_order":30,"comment_status":"closed","ping_status":"closed","template":"elementor_header_footer","meta":{"_monsterinsights_skip_tracking":false,"_monsterinsights_sitenote_active":false,"_monsterinsights_sitenote_note":"","_monsterinsights_sitenote_category":0,"footnotes":"","_links_to":"","_links_to_target":""},"class_list":["post-4163","page","type-page","status-publish","hentry","entry"],"_links":{"self":[{"href":"https:\/\/pusplq.usp.br\/index.php?rest_route=\/wp\/v2\/pages\/4163","targetHints":{"allow":["GET"]}}],"collection":[{"href":"https:\/\/pusplq.usp.br\/index.php?rest_route=\/wp\/v2\/pages"}],"about":[{"href":"https:\/\/pusplq.usp.br\/index.php?rest_route=\/wp\/v2\/types\/page"}],"author":[{"embeddable":true,"href":"https:\/\/pusplq.usp.br\/index.php?rest_route=\/wp\/v2\/users\/23873"}],"replies":[{"embeddable":true,"href":"https:\/\/pusplq.usp.br\/index.php?rest_route=%2Fwp%2Fv2%2Fcomments&post=4163"}],"version-history":[{"count":4,"href":"https:\/\/pusplq.usp.br\/index.php?rest_route=\/wp\/v2\/pages\/4163\/revisions"}],"predecessor-version":[{"id":13446,"href":"https:\/\/pusplq.usp.br\/index.php?rest_route=\/wp\/v2\/pages\/4163\/revisions\/13446"}],"up":[{"embeddable":true,"href":"https:\/\/pusplq.usp.br\/index.php?rest_route=\/wp\/v2\/pages\/4151"}],"wp:attachment":[{"href":"https:\/\/pusplq.usp.br\/index.php?rest_route=%2Fwp%2Fv2%2Fmedia&parent=4163"}],"curies":[{"name":"wp","href":"https:\/\/api.w.org\/{rel}","templated":true}]}}