{"id":4785,"date":"2024-07-25T09:36:20","date_gmt":"2024-07-25T12:36:20","guid":{"rendered":"https:\/\/sites.usp.br\/pusplq\/?page_id=4785"},"modified":"2024-10-15T08:21:08","modified_gmt":"2024-10-15T11:21:08","slug":"reunioes","status":"publish","type":"page","link":"https:\/\/pusplq.usp.br\/?page_id=4785","title":{"rendered":"Reuni\u00f5es"},"content":{"rendered":"\t\t<div data-elementor-type=\"wp-page\" data-elementor-id=\"4785\" class=\"elementor elementor-4785\" data-elementor-post-type=\"page\">\n\t\t\t\t\t\t<section class=\"elementor-section elementor-top-section elementor-element elementor-element-692c8de elementor-section-boxed elementor-section-height-default elementor-section-height-default\" data-id=\"692c8de\" data-element_type=\"section\">\n\t\t\t\t\t\t<div class=\"elementor-container elementor-column-gap-default\">\n\t\t\t\t\t<div class=\"elementor-column elementor-col-100 elementor-top-column elementor-element elementor-element-ef4cee3\" data-id=\"ef4cee3\" data-element_type=\"column\">\n\t\t\t<div class=\"elementor-widget-wrap elementor-element-populated\">\n\t\t\t\t\t\t<div class=\"elementor-element elementor-element-49ddb54 elementor-widget elementor-widget-heading\" data-id=\"49ddb54\" data-element_type=\"widget\" data-widget_type=\"heading.default\">\n\t\t\t\t<div class=\"elementor-widget-container\">\n\t\t\t<h2 class=\"elementor-heading-title elementor-size-default\">Reuni\u00f5es<\/h2>\t\t<\/div>\n\t\t\t\t<\/div>\n\t\t\t\t\t<\/div>\n\t\t<\/div>\n\t\t\t\t\t<\/div>\n\t\t<\/section>\n\t\t\t\t<section class=\"elementor-section elementor-top-section elementor-element elementor-element-3703f7f elementor-section-boxed elementor-section-height-default elementor-section-height-default\" data-id=\"3703f7f\" data-element_type=\"section\">\n\t\t\t\t\t\t<div class=\"elementor-container elementor-column-gap-default\">\n\t\t\t\t\t<div class=\"elementor-column elementor-col-50 elementor-top-column elementor-element elementor-element-709b7f8\" data-id=\"709b7f8\" data-element_type=\"column\">\n\t\t\t<div class=\"elementor-widget-wrap elementor-element-populated\">\n\t\t\t\t\t\t<div class=\"elementor-element elementor-element-bdb3ac5 elementor-widget elementor-widget-html\" data-id=\"bdb3ac5\" data-element_type=\"widget\" data-widget_type=\"html.default\">\n\t\t\t\t<div class=\"elementor-widget-container\">\n\t\t\t<h3><strong>Reuni\u00f5es do Conselho Gestor do Campus USP \"Luiz de Queiroz\", no primeiro semestre de 2024.<\/strong><\/h4>\r\n<br>\r\n<br>\r\n<br>\r\n<br>\r\n<br>\r\n<br>\r\n<br>\r\n<br>\r\n<br>\r\n<br>\r\n<br>\r\n<br>\r\nAs reuni\u00f5es  ter\u00e3o in\u00edcio \u00e0s 14h.<br>\r\nCaso haja qualquer altera\u00e7\u00e3o, divulgaremos as novas datas com anteced\u00eancia. \r\n<br>\r\n<br>\r\n<br>\r\n<br>\r\n<br>\r\n<br>\t\t<\/div>\n\t\t\t\t<\/div>\n\t\t\t\t\t<\/div>\n\t\t<\/div>\n\t\t\t\t<div class=\"elementor-column elementor-col-50 elementor-top-column elementor-element elementor-element-f71d86e\" data-id=\"f71d86e\" data-element_type=\"column\">\n\t\t\t<div class=\"elementor-widget-wrap\">\n\t\t\t\t\t\t\t<\/div>\n\t\t<\/div>\n\t\t\t\t\t<\/div>\n\t\t<\/section>\n\t\t\t\t<section class=\"elementor-section elementor-top-section elementor-element elementor-element-780aa45 elementor-section-boxed elementor-section-height-default elementor-section-height-default\" data-id=\"780aa45\" data-element_type=\"section\">\n\t\t\t\t\t\t<div class=\"elementor-container elementor-column-gap-default\">\n\t\t\t\t\t<div class=\"elementor-column elementor-col-100 elementor-top-column elementor-element elementor-element-8e79c8a\" data-id=\"8e79c8a\" data-element_type=\"column\">\n\t\t\t<div class=\"elementor-widget-wrap elementor-element-populated\">\n\t\t\t\t\t\t<div class=\"elementor-element elementor-element-aaafcd1 elementor-widget elementor-widget-html\" data-id=\"aaafcd1\" data-element_type=\"widget\" data-widget_type=\"html.default\">\n\t\t\t\t<div class=\"elementor-widget-container\">\n\t\t\t<br>\r\n<div id=\"menurodape\"> | <a href=\"https:\/\/sites.usp.br\/pusplq\/institucional\/conselho-gestor\/atas\/\"><strong>Atas<\/strong><\/a> | <a href=\"https:\/\/sites.usp.br\/pusplq\/institucional\/conselho-gestor\/comissoes\/\"><strong>Comiss\u00f5es<\/strong><\/a> | <a href=https:\/\/sites.usp.br\/pusplq\/institucional\/conselho-gestor\/\"><strong>Composi\u00e7\u00e3o<\/strong><\/a> | <a href=\"https:\/\/sites.usp.br\/pusplq\/institucional\/conselho-gestor\/reunioes\/\"><strong>Elei\u00e7\u00f5es<\/strong><\/a> | <a href=\"https:\/\/sites.usp.br\/pusplq\/institucional\/conselho-gestor\/resolucoes\/\"><strong>Resolu\u00e7\u00f5es<\/strong><\/a> | <\/div>\r\n<hr>\t\t<\/div>\n\t\t\t\t<\/div>\n\t\t\t\t\t<\/div>\n\t\t<\/div>\n\t\t\t\t\t<\/div>\n\t\t<\/section>\n\t\t\t\t<\/div>\n\t\t","protected":false},"excerpt":{"rendered":"<p>Reuni\u00f5es Reuni\u00f5es do Conselho Gestor do Campus USP &#8220;Luiz de Queiroz&#8221;, no primeiro semestre de 2024. As reuni\u00f5es ter\u00e3o in\u00edcio \u00e0s 14h. Caso haja qualquer altera\u00e7\u00e3o, divulgaremos as novas datas com anteced\u00eancia. | Atas | Comiss\u00f5es |<\/p>\n","protected":false},"author":23873,"featured_media":0,"parent":3158,"menu_order":40,"comment_status":"closed","ping_status":"closed","template":"elementor_header_footer","meta":{"_monsterinsights_skip_tracking":false,"_monsterinsights_sitenote_active":false,"_monsterinsights_sitenote_note":"","_monsterinsights_sitenote_category":0,"footnotes":"","_links_to":"","_links_to_target":""},"class_list":["post-4785","page","type-page","status-publish","hentry","entry"],"_links":{"self":[{"href":"https:\/\/pusplq.usp.br\/index.php?rest_route=\/wp\/v2\/pages\/4785","targetHints":{"allow":["GET"]}}],"collection":[{"href":"https:\/\/pusplq.usp.br\/index.php?rest_route=\/wp\/v2\/pages"}],"about":[{"href":"https:\/\/pusplq.usp.br\/index.php?rest_route=\/wp\/v2\/types\/page"}],"author":[{"embeddable":true,"href":"https:\/\/pusplq.usp.br\/index.php?rest_route=\/wp\/v2\/users\/23873"}],"replies":[{"embeddable":true,"href":"https:\/\/pusplq.usp.br\/index.php?rest_route=%2Fwp%2Fv2%2Fcomments&post=4785"}],"version-history":[{"count":4,"href":"https:\/\/pusplq.usp.br\/index.php?rest_route=\/wp\/v2\/pages\/4785\/revisions"}],"predecessor-version":[{"id":6080,"href":"https:\/\/pusplq.usp.br\/index.php?rest_route=\/wp\/v2\/pages\/4785\/revisions\/6080"}],"up":[{"embeddable":true,"href":"https:\/\/pusplq.usp.br\/index.php?rest_route=\/wp\/v2\/pages\/3158"}],"wp:attachment":[{"href":"https:\/\/pusplq.usp.br\/index.php?rest_route=%2Fwp%2Fv2%2Fmedia&parent=4785"}],"curies":[{"name":"wp","href":"https:\/\/api.w.org\/{rel}","templated":true}]}}