{"id":4872,"date":"2024-07-31T13:50:09","date_gmt":"2024-07-31T16:50:09","guid":{"rendered":"https:\/\/sites.usp.br\/pusplq\/?page_id=4872"},"modified":"2026-01-20T09:39:08","modified_gmt":"2026-01-20T12:39:08","slug":"secao-tecnica-de-praticas-esportivas","status":"publish","type":"page","link":"https:\/\/pusplq.usp.br\/?page_id=4872","title":{"rendered":"Se\u00e7\u00e3o de Pr\u00e1ticas Esportivas"},"content":{"rendered":"\t\t<div data-elementor-type=\"wp-page\" data-elementor-id=\"4872\" class=\"elementor elementor-4872\" data-elementor-post-type=\"page\">\n\t\t\t\t\t\t<section class=\"elementor-section elementor-top-section elementor-element elementor-element-670933f elementor-section-boxed elementor-section-height-default elementor-section-height-default\" data-id=\"670933f\" data-element_type=\"section\">\n\t\t\t\t\t\t<div class=\"elementor-container elementor-column-gap-default\">\n\t\t\t\t\t<div class=\"elementor-column elementor-col-100 elementor-top-column elementor-element elementor-element-a2df6c8\" data-id=\"a2df6c8\" data-element_type=\"column\">\n\t\t\t<div class=\"elementor-widget-wrap elementor-element-populated\">\n\t\t\t\t\t\t<div class=\"elementor-element elementor-element-a2ad75a elementor-widget elementor-widget-heading\" data-id=\"a2ad75a\" data-element_type=\"widget\" data-widget_type=\"heading.default\">\n\t\t\t\t<div class=\"elementor-widget-container\">\n\t\t\t<h2 class=\"elementor-heading-title elementor-size-default\">Se\u00e7\u00e3o de Pr\u00e1ticas Esportivas<\/h2>\t\t<\/div>\n\t\t\t\t<\/div>\n\t\t\t\t<div class=\"elementor-element elementor-element-59e1933 elementor--h-position-center elementor--v-position-middle elementor-arrows-position-inside elementor-pagination-position-inside elementor-widget elementor-widget-slides\" data-id=\"59e1933\" data-element_type=\"widget\" data-settings=\"{&quot;navigation&quot;:&quot;both&quot;,&quot;autoplay&quot;:&quot;yes&quot;,&quot;pause_on_hover&quot;:&quot;yes&quot;,&quot;pause_on_interaction&quot;:&quot;yes&quot;,&quot;autoplay_speed&quot;:5000,&quot;infinite&quot;:&quot;yes&quot;,&quot;transition&quot;:&quot;slide&quot;,&quot;transition_speed&quot;:500}\" data-widget_type=\"slides.default\">\n\t\t\t\t<div class=\"elementor-widget-container\">\n\t\t\t\t\t<div class=\"elementor-swiper\">\n\t\t\t<div class=\"elementor-slides-wrapper elementor-main-swiper swiper\" dir=\"ltr\" data-animation=\"fadeInUp\">\n\t\t\t\t<div class=\"swiper-wrapper elementor-slides\">\n\t\t\t\t\t\t\t\t\t\t<div class=\"elementor-repeater-item-c01f092 swiper-slide\"><div class=\"swiper-slide-bg\" role=\"img\"><\/div><div class=\"swiper-slide-inner\" ><div class=\"swiper-slide-contents\"><\/div><\/div><\/div><div class=\"elementor-repeater-item-618c487 swiper-slide\"><div class=\"swiper-slide-bg\" role=\"img\"><\/div><div class=\"swiper-slide-inner\" ><div class=\"swiper-slide-contents\"><\/div><\/div><\/div><div class=\"elementor-repeater-item-906952a swiper-slide\"><div class=\"swiper-slide-bg\" role=\"img\"><\/div><div class=\"swiper-slide-inner\" ><div class=\"swiper-slide-contents\"><\/div><\/div><\/div><div class=\"elementor-repeater-item-1e8676f swiper-slide\"><div class=\"swiper-slide-bg\" role=\"img\"><\/div><div class=\"swiper-slide-inner\" ><div class=\"swiper-slide-contents\"><\/div><\/div><\/div>\t\t\t\t<\/div>\n\t\t\t\t\t\t\t\t\t\t\t\t\t\t\t<div class=\"swiper-pagination\"><\/div>\n\t\t\t\t\t\t\t\t\t\t\t\t\t\t\t\t<div class=\"elementor-swiper-button elementor-swiper-button-prev\" role=\"button\" tabindex=\"0\">\n\t\t\t\t\t\t\t<i aria-hidden=\"true\" class=\"eicon-chevron-left\"><\/i>\t\t\t\t\t\t\t<span class=\"elementor-screen-only\">Previous slide<\/span>\n\t\t\t\t\t\t<\/div>\n\t\t\t\t\t\t<div class=\"elementor-swiper-button elementor-swiper-button-next\" role=\"button\" tabindex=\"0\">\n\t\t\t\t\t\t\t<i aria-hidden=\"true\" class=\"eicon-chevron-right\"><\/i>\t\t\t\t\t\t\t<span class=\"elementor-screen-only\">Next slide<\/span>\n\t\t\t\t\t\t<\/div>\n\t\t\t\t\t\t\t\t\t\t\t\t<\/div>\n\t\t<\/div>\n\t\t\t\t<\/div>\n\t\t\t\t<\/div>\n\t\t\t\t\t<\/div>\n\t\t<\/div>\n\t\t\t\t\t<\/div>\n\t\t<\/section>\n\t\t\t\t<section class=\"elementor-section elementor-top-section elementor-element elementor-element-da8fbd0 elementor-section-boxed elementor-section-height-default elementor-section-height-default\" data-id=\"da8fbd0\" data-element_type=\"section\">\n\t\t\t\t\t\t<div class=\"elementor-container elementor-column-gap-default\">\n\t\t\t\t\t<div class=\"elementor-column elementor-col-50 elementor-top-column elementor-element elementor-element-7d83cf7\" data-id=\"7d83cf7\" data-element_type=\"column\">\n\t\t\t<div class=\"elementor-widget-wrap elementor-element-populated\">\n\t\t\t\t\t\t<div class=\"elementor-element elementor-element-aa33f09 elementor-widget elementor-widget-html\" data-id=\"aa33f09\" data-element_type=\"widget\" data-widget_type=\"html.default\">\n\t\t\t\t<div class=\"elementor-widget-container\">\n\t\t\t<p align=\"justify\">A Se\u00e7\u00e3o de Pr\u00e1ticas Esportivas (SCPRAES), vinculada \u00e0 Prefeitura do Campus \u201cLuiz de Queiroz\u201d, tem como miss\u00e3o incentivar e promover atividades f\u00edsicas, esportivas e recreativas voltadas \u00e0 qualidade de vida da comunidade universit\u00e1ria.<\/p>\r\n<p align=\"justify\">As a\u00e7\u00f5es s\u00e3o destinadas a servidores docentes e t\u00e9cnico-administrativos, seus dependentes legais, bem como a estudantes de gradua\u00e7\u00e3o e p\u00f3s-gradua\u00e7\u00e3o (stricto sensu \u2013 mestrado e doutorado) regularmente matriculados. O objetivo central \u00e9 contribuir para a promo\u00e7\u00e3o da sa\u00fade, integra\u00e7\u00e3o social e bem-estar f\u00edsico e mental.<\/p>\r\n<p align=\"justify\">Em parceria com a Secretaria Municipal de Esportes, Lazer e Atividades Motoras de Piracicaba, a SCPRAES oferece diversas modalidades esportivas acess\u00edveis \u00e0 comunidade interna e externa, mediante inscri\u00e7\u00e3o pr\u00e9via nos programas disponibilizados.\r\n<\/p>\r\n<br>\r\n<strong><a href=\"#\">Equipe<\/a><\/strong>\r\n<br><br>\r\n<strong>Chefe da Se\u00e7\u00e3o<\/strong><br>\r\n<a href=\"#\" target=\"_blank\">Maria Val\u00e9ria Amadio Abreu<\/a>\r\n<br><br>\r\n<strong>Educadores<\/strong><br>\r\n<a href=\"#\" target=\"_blank\">Jo\u00e3o Jos\u00e9 de Campos<\/a><br>\r\n<br><br>\r\n<strong>Apoio<\/strong><br>\r\n<a href=\"#\" target=\"_blank\">Adriana Paula Angelocci<\/a><br>\r\n<a href=\"#\" target=\"_blank\">Celso Cabral<\/a><br>\r\n<a href=\"#\" target=\"_blank\">Doralice de Fatima da Silva Piazza<\/a><br>\r\n<a href=\"#\" target=\"_blank\">Mauro Rasera<\/a><br>\r\n<a href=\"#\" target=\"_blank\">Nilson Viegas de Souza<\/a><br>\r\n<a href=\"#\" target=\"_blank\">Priscila Damasio Simionato Tavares<\/a><br>\r\n<br>\r\n<h2>&#8226;&nbsp;Localiza\u00e7\u00e3o<\/h2>\r\n<h2>\r\nAv. S\u00e3o Jo\u00e3o,900 Piracicaba, SP<br>Brasil. 13418 900<br>\r\n<strong>Telefone:<\/strong> (19) 3429-4182<br>\r\n<a href=\"mailto:scpraes.lq@usp.br\">scpraes.lq@usp.br<\/a><br>\r\n<br><\/h2>\t\t<\/div>\n\t\t\t\t<\/div>\n\t\t\t\t\t<\/div>\n\t\t<\/div>\n\t\t\t\t<div class=\"elementor-column elementor-col-50 elementor-top-column elementor-element elementor-element-7e4d1d6\" data-id=\"7e4d1d6\" data-element_type=\"column\">\n\t\t\t<div class=\"elementor-widget-wrap elementor-element-populated\">\n\t\t\t\t\t\t<div class=\"elementor-element elementor-element-da4d7e8 elementor-widget elementor-widget-image\" data-id=\"da4d7e8\" data-element_type=\"widget\" data-widget_type=\"image.default\">\n\t\t\t\t<div class=\"elementor-widget-container\">\n\t\t\t\t\t\t\t\t\t\t\t\t\t<img fetchpriority=\"high\" decoding=\"async\" width=\"600\" height=\"100\" src=\"https:\/\/pusplq.usp.br\/wp-content\/uploads\/sites\/1403\/2025\/03\/bt_programacao2.png\" class=\"attachment-large size-large wp-image-9537\" alt=\"\" srcset=\"https:\/\/pusplq.usp.br\/wp-content\/uploads\/sites\/1403\/2025\/03\/bt_programacao2.png 600w, https:\/\/pusplq.usp.br\/wp-content\/uploads\/sites\/1403\/2025\/03\/bt_programacao2-300x50.png 300w, https:\/\/pusplq.usp.br\/wp-content\/uploads\/sites\/1403\/2025\/03\/bt_programacao2-280x47.png 280w, https:\/\/pusplq.usp.br\/wp-content\/uploads\/sites\/1403\/2025\/03\/bt_programacao2-400x67.png 400w\" sizes=\"(max-width: 600px) 100vw, 600px\" \/>\t\t\t\t\t\t\t\t\t\t\t\t\t<\/div>\n\t\t\t\t<\/div>\n\t\t\t\t<div class=\"elementor-element elementor-element-dc3424e elementor-widget elementor-widget-image\" data-id=\"dc3424e\" data-element_type=\"widget\" data-widget_type=\"image.default\">\n\t\t\t\t<div class=\"elementor-widget-container\">\n\t\t\t\t\t\t\t\t\t\t\t\t\t\t<a href=\"https:\/\/pusplq.usp.br\/wp-content\/uploads\/sites\/1403\/2025\/03\/horario_scpraes2024.pdf\" target=\"_blank\">\n\t\t\t\t\t\t\t<img decoding=\"async\" width=\"500\" height=\"500\" src=\"https:\/\/pusplq.usp.br\/wp-content\/uploads\/sites\/1403\/2025\/03\/bt_horario_scpraes2.png\" class=\"attachment-large size-large wp-image-9563\" alt=\"\" srcset=\"https:\/\/pusplq.usp.br\/wp-content\/uploads\/sites\/1403\/2025\/03\/bt_horario_scpraes2.png 500w, https:\/\/pusplq.usp.br\/wp-content\/uploads\/sites\/1403\/2025\/03\/bt_horario_scpraes2-300x300.png 300w, https:\/\/pusplq.usp.br\/wp-content\/uploads\/sites\/1403\/2025\/03\/bt_horario_scpraes2-150x150.png 150w, https:\/\/pusplq.usp.br\/wp-content\/uploads\/sites\/1403\/2025\/03\/bt_horario_scpraes2-45x45.png 45w, https:\/\/pusplq.usp.br\/wp-content\/uploads\/sites\/1403\/2025\/03\/bt_horario_scpraes2-280x280.png 280w, https:\/\/pusplq.usp.br\/wp-content\/uploads\/sites\/1403\/2025\/03\/bt_horario_scpraes2-200x200.png 200w, https:\/\/pusplq.usp.br\/wp-content\/uploads\/sites\/1403\/2025\/03\/bt_horario_scpraes2-400x400.png 400w\" sizes=\"(max-width: 500px) 100vw, 500px\" \/>\t\t\t\t\t\t\t\t<\/a>\n\t\t\t\t\t\t\t\t\t\t\t\t\t<\/div>\n\t\t\t\t<\/div>\n\t\t\t\t<div class=\"elementor-element elementor-element-957d62c elementor-widget elementor-widget-image\" data-id=\"957d62c\" data-element_type=\"widget\" data-widget_type=\"image.default\">\n\t\t\t\t<div class=\"elementor-widget-container\">\n\t\t\t\t\t\t\t\t\t\t\t\t\t\t<a href=\"https:\/\/www.instagram.com\/aaalq.esalq\/\" target=\"_blank\">\n\t\t\t\t\t\t\t<img decoding=\"async\" width=\"400\" height=\"400\" src=\"https:\/\/pusplq.usp.br\/wp-content\/uploads\/sites\/1403\/2025\/03\/logo_aaalq-1.png\" class=\"attachment-large size-large wp-image-9468\" alt=\"\" srcset=\"https:\/\/pusplq.usp.br\/wp-content\/uploads\/sites\/1403\/2025\/03\/logo_aaalq-1.png 400w, https:\/\/pusplq.usp.br\/wp-content\/uploads\/sites\/1403\/2025\/03\/logo_aaalq-1-300x300.png 300w, https:\/\/pusplq.usp.br\/wp-content\/uploads\/sites\/1403\/2025\/03\/logo_aaalq-1-150x150.png 150w, https:\/\/pusplq.usp.br\/wp-content\/uploads\/sites\/1403\/2025\/03\/logo_aaalq-1-45x45.png 45w, https:\/\/pusplq.usp.br\/wp-content\/uploads\/sites\/1403\/2025\/03\/logo_aaalq-1-280x280.png 280w, https:\/\/pusplq.usp.br\/wp-content\/uploads\/sites\/1403\/2025\/03\/logo_aaalq-1-200x200.png 200w\" sizes=\"(max-width: 400px) 100vw, 400px\" \/>\t\t\t\t\t\t\t\t<\/a>\n\t\t\t\t\t\t\t\t\t\t\t\t\t<\/div>\n\t\t\t\t<\/div>\n\t\t\t\t<div class=\"elementor-element elementor-element-0c31957 elementor-widget elementor-widget-image\" data-id=\"0c31957\" data-element_type=\"widget\" data-widget_type=\"image.default\">\n\t\t\t\t<div class=\"elementor-widget-container\">\n\t\t\t\t\t\t\t\t\t\t\t\t\t\t<a href=\"https:\/\/cepe.usp.br\/\" target=\"_blank\">\n\t\t\t\t\t\t\t<img loading=\"lazy\" decoding=\"async\" width=\"250\" height=\"200\" src=\"https:\/\/pusplq.usp.br\/wp-content\/uploads\/sites\/1403\/2025\/03\/logo_cepeusp-1.png\" class=\"attachment-large size-large wp-image-9479\" alt=\"\" \/>\t\t\t\t\t\t\t\t<\/a>\n\t\t\t\t\t\t\t\t\t\t\t\t\t<\/div>\n\t\t\t\t<\/div>\n\t\t\t\t<div class=\"elementor-element elementor-element-59e7f94 elementor-widget elementor-widget-html\" data-id=\"59e7f94\" data-element_type=\"widget\" data-widget_type=\"html.default\">\n\t\t\t\t<div class=\"elementor-widget-container\">\n\t\t\t\r\n<a href=\"?page_id=9492\/\"><strong>Projeto Universidade<br>Aberta \u00e0 Terceira<\/strong><\/a>\r\n<br>\r\n<br>\r\n<strong><a href=\"formularios\/AcessoSCPRAES2013V2.doc\">Acesso e Uso do Espa\u00e7o<br> Formul\u00e1rio de Solicita\u00e7\u00e3o<\/a><\/strong>\r\n<br>\r\n<br>\r\n<strong><a href=\"scpraes\/TermoDeEmprestimo_2023.docx\">Formul\u00e1rio de responsabilidade<br> de mat\u00e9rial de empr\u00e9stimo<\/a><\/strong>\r\n<br>\r\n<br>\r\n<strong><a href=\"https:\/\/pusplq.usp.br\/wp-content\/uploads\/sites\/1403\/2025\/03\/FORMULARIOSEXSAB_2025.pdf\">Formul\u00e1rio para reserva da quadra poliesportiva do Gin\u00e1sio da Se\u00e7\u00e3o de Pr\u00e1ticas Esportivas<\/a> (<a href=\"https:\/\/pusplq.usp.br\/wp-content\/uploads\/sites\/1403\/2025\/03\/FORMULARIOSEXSAB_2025.pdf\" rel=\"noopener\" target=\"_blank\">PDF<\/a>)<\/strong>\r\n<br>\r\n<hr \/>\t\t<\/div>\n\t\t\t\t<\/div>\n\t\t\t\t\t<\/div>\n\t\t<\/div>\n\t\t\t\t\t<\/div>\n\t\t<\/section>\n\t\t\t\t<\/div>\n\t\t","protected":false},"excerpt":{"rendered":"<p>Se\u00e7\u00e3o de Pr\u00e1ticas Esportivas Previous slide Next slide A Se\u00e7\u00e3o de Pr\u00e1ticas Esportivas (SCPRAES), vinculada \u00e0 Prefeitura do Campus \u201cLuiz de Queiroz\u201d, tem como miss\u00e3o incentivar e promover atividades f\u00edsicas, esportivas e recreativas voltadas \u00e0 qualidade de vida da comunidade universit\u00e1ria. As a\u00e7\u00f5es s\u00e3o destinadas a servidores docentes e t\u00e9cnico-administrativos, seus dependentes legais, bem como [&hellip;]<\/p>\n","protected":false},"author":23873,"featured_media":0,"parent":4006,"menu_order":30,"comment_status":"closed","ping_status":"closed","template":"elementor_header_footer","meta":{"_monsterinsights_skip_tracking":false,"_monsterinsights_sitenote_active":false,"_monsterinsights_sitenote_note":"","_monsterinsights_sitenote_category":0,"footnotes":"","_links_to":"","_links_to_target":""},"class_list":["post-4872","page","type-page","status-publish","hentry","entry"],"_links":{"self":[{"href":"https:\/\/pusplq.usp.br\/index.php?rest_route=\/wp\/v2\/pages\/4872","targetHints":{"allow":["GET"]}}],"collection":[{"href":"https:\/\/pusplq.usp.br\/index.php?rest_route=\/wp\/v2\/pages"}],"about":[{"href":"https:\/\/pusplq.usp.br\/index.php?rest_route=\/wp\/v2\/types\/page"}],"author":[{"embeddable":true,"href":"https:\/\/pusplq.usp.br\/index.php?rest_route=\/wp\/v2\/users\/23873"}],"replies":[{"embeddable":true,"href":"https:\/\/pusplq.usp.br\/index.php?rest_route=%2Fwp%2Fv2%2Fcomments&post=4872"}],"version-history":[{"count":4,"href":"https:\/\/pusplq.usp.br\/index.php?rest_route=\/wp\/v2\/pages\/4872\/revisions"}],"predecessor-version":[{"id":12943,"href":"https:\/\/pusplq.usp.br\/index.php?rest_route=\/wp\/v2\/pages\/4872\/revisions\/12943"}],"up":[{"embeddable":true,"href":"https:\/\/pusplq.usp.br\/index.php?rest_route=\/wp\/v2\/pages\/4006"}],"wp:attachment":[{"href":"https:\/\/pusplq.usp.br\/index.php?rest_route=%2Fwp%2Fv2%2Fmedia&parent=4872"}],"curies":[{"name":"wp","href":"https:\/\/api.w.org\/{rel}","templated":true}]}}