{"id":4886,"date":"2024-07-31T14:09:39","date_gmt":"2024-07-31T17:09:39","guid":{"rendered":"https:\/\/sites.usp.br\/pusplq\/?page_id=4886"},"modified":"2024-11-08T16:16:32","modified_gmt":"2024-11-08T19:16:32","slug":"secao-de-transportes","status":"publish","type":"page","link":"https:\/\/pusplq.usp.br\/?page_id=4886","title":{"rendered":"Se\u00e7\u00e3o de Transportes"},"content":{"rendered":"\t\t<div data-elementor-type=\"wp-page\" data-elementor-id=\"4886\" class=\"elementor elementor-4886\" data-elementor-post-type=\"page\">\n\t\t\t\t\t\t<section class=\"elementor-section elementor-top-section elementor-element elementor-element-67c20f5a elementor-section-boxed elementor-section-height-default elementor-section-height-default\" data-id=\"67c20f5a\" data-element_type=\"section\">\n\t\t\t\t\t\t<div class=\"elementor-container elementor-column-gap-default\">\n\t\t\t\t\t<div class=\"elementor-column elementor-col-100 elementor-top-column elementor-element elementor-element-71c2bd34\" data-id=\"71c2bd34\" data-element_type=\"column\">\n\t\t\t<div class=\"elementor-widget-wrap elementor-element-populated\">\n\t\t\t\t\t\t<div class=\"elementor-element elementor-element-23c7063 elementor-widget elementor-widget-heading\" data-id=\"23c7063\" data-element_type=\"widget\" data-widget_type=\"heading.default\">\n\t\t\t\t<div class=\"elementor-widget-container\">\n\t\t\t<h2 class=\"elementor-heading-title elementor-size-default\">Se\u00e7\u00e3o de Transportes<\/h2>\t\t<\/div>\n\t\t\t\t<\/div>\n\t\t\t\t\t<\/div>\n\t\t<\/div>\n\t\t\t\t\t<\/div>\n\t\t<\/section>\n\t\t\t\t<section class=\"elementor-section elementor-top-section elementor-element elementor-element-43a4469 elementor-section-boxed elementor-section-height-default elementor-section-height-default\" data-id=\"43a4469\" data-element_type=\"section\">\n\t\t\t\t\t\t<div class=\"elementor-container elementor-column-gap-default\">\n\t\t\t\t\t<div class=\"elementor-column elementor-col-100 elementor-top-column elementor-element elementor-element-66b3d60\" data-id=\"66b3d60\" data-element_type=\"column\">\n\t\t\t<div class=\"elementor-widget-wrap elementor-element-populated\">\n\t\t\t\t\t\t<div class=\"elementor-element elementor-element-caee203 elementor-widget__width-initial elementor-widget elementor-widget-image\" data-id=\"caee203\" data-element_type=\"widget\" data-widget_type=\"image.default\">\n\t\t\t\t<div class=\"elementor-widget-container\">\n\t\t\t\t\t\t\t\t\t\t\t\t\t<img fetchpriority=\"high\" decoding=\"async\" width=\"1024\" height=\"542\" src=\"https:\/\/pusplq.usp.br\/wp-content\/uploads\/sites\/1403\/2024\/11\/fig_transporte-1024x542.png\" class=\"attachment-large size-large wp-image-6751\" alt=\"\" srcset=\"https:\/\/pusplq.usp.br\/wp-content\/uploads\/sites\/1403\/2024\/11\/fig_transporte-1024x542.png 1024w, https:\/\/pusplq.usp.br\/wp-content\/uploads\/sites\/1403\/2024\/11\/fig_transporte-300x159.png 300w, https:\/\/pusplq.usp.br\/wp-content\/uploads\/sites\/1403\/2024\/11\/fig_transporte-768x407.png 768w, https:\/\/pusplq.usp.br\/wp-content\/uploads\/sites\/1403\/2024\/11\/fig_transporte-280x148.png 280w, https:\/\/pusplq.usp.br\/wp-content\/uploads\/sites\/1403\/2024\/11\/fig_transporte-400x212.png 400w, https:\/\/pusplq.usp.br\/wp-content\/uploads\/sites\/1403\/2024\/11\/fig_transporte.png 1250w\" sizes=\"(max-width: 1024px) 100vw, 1024px\" \/>\t\t\t\t\t\t\t\t\t\t\t\t\t<\/div>\n\t\t\t\t<\/div>\n\t\t\t\t<div class=\"elementor-element elementor-element-1cef960 elementor-widget elementor-widget-html\" data-id=\"1cef960\" data-element_type=\"widget\" data-widget_type=\"html.default\">\n\t\t\t\t<div class=\"elementor-widget-container\">\n\t\t\t<br><strong>Hor\u00e1rio de funcionamento: <BR> de segunda a sexta-feira das 07:30 \u00e0s 11:30 e das 12:30 \u00e0s 16:30<br>(exceto feriados e recesso.)<\/strong>\r\n<br>\r\n<strong>Localiza\u00e7\u00e3o:<\/strong> Garagem \r\n(pr\u00f3xima a sede da DA\/DVMO - pr\u00e9dio do antigo DER)\r\n<h3><br>\r\n<strong>Normas & Formul\u00e1rios<\/strong><br>\r\n<br><strong>REQUISI\u00c7\u00c3O DE TRANSPORTE:<\/strong> Foi implantado o sistema de <br>\r\nAgendamento de viagens ONLINE. Entre em contato com o <br>respons\u00e1vel no seu DEPARTAMENTO\/SE\u00c7\u00c3O.\r\n<br>\r\n<a href=\"\/formularios\/procs_pool.pdf\" target=\"_blank\">Procedimentos para o agendamento dos ve\u00edculos oficiais atrav\u00e9s do Sistema Pool<\/a><br>\r\n<br><strong>SOLICITA\u00c7\u00c3O DE TRANSPORTE INTERNO:<\/strong> Este servi\u00e7o \u00e9 destinado a <br>funcion\u00e1rios docentes e n\u00e3o docentes do Campus Luiz de Queiroz,<br>para atendimento de transporte interno institucional.\r\n<br><a href=\"https:\/\/pipoca.esalq.usp.br\/webOS\/form\/sctrans-interno\" target=\"_blank\">Procedimentos solicita\u00e7\u00e3o de transporte interno atrav\u00e9s do formul\u00e1rio<\/a>\r\n<br><\/h3>\r\n<strong>Chefe de Se\u00e7\u00e3o<\/strong><br> \r\n<a href=\"#\" target=\"_blank\">Paulo Paes de Menezes Junior<\/a><br><br>\r\n<strong>Telefone:<\/strong> (19) 3429 4085 <br>\r\n<strong>Ramal:<\/strong> 294085\r\n<br><br>\r\n<strong><a href=\"#\">Equipe<\/a><\/strong>\r\n<br>\r\n<a href=\"#\" target=\"_blank\" >Adriano Tadeu Ferreira de Albuquerque<\/a><br>\r\n<a href=\"#\" target=\"_blank\">Benicio Francisco da Silva<\/a><br>\r\n<a href=\"#\" target=\"_blank\">Edson Luiz Bazzanelli<\/a><br>\r\n<a href=\"#\" target=\"_blank\">Jair Bueno de Oliveira<\/a><br>\r\n<a href=\"#\" target=\"_blank\">Jos\u00e9 Roberto Alves<\/a><br>\r\n<a href=\"#\" target=\"_blank\">Jose Valdivino da Silva<\/a><br>\r\n<a href=\"#\" target=\"_blank\">Juarez da Costa Dantas<\/a><br>\r\n<a href=\"#\" target=\"_blank\">Leonildo Rodrigues de Lima<\/a><br>\r\n<a href=\"#\" target=\"_blank\">Manoel Henrique Alves de Miranda<\/a><br>\r\n<a href=\"#\" target=\"_blank\">Pedro Ramos<\/a>\r\n<br><br>\r\n<strong>Contato<\/strong><br>\r\n<strong>Telefone:<\/strong> (19) 3429-4179<br>\r\n<strong>E-mail:<\/strong> <a href=\"mailto:transporte.lq@usp.br\">transporte.lq@usp.br<\/a>\r\n<br>\t\t<\/div>\n\t\t\t\t<\/div>\n\t\t\t\t<div class=\"elementor-element elementor-element-bbdefbf elementor-widget__width-initial elementor-widget elementor-widget-image\" data-id=\"bbdefbf\" data-element_type=\"widget\" data-widget_type=\"image.default\">\n\t\t\t\t<div class=\"elementor-widget-container\">\n\t\t\t\t\t\t\t\t\t\t\t\t\t<img decoding=\"async\" src=\"https:\/\/sites.usp.br\/pusplq\/wp-content\/uploads\/sites\/1403\/2024\/11\/contato_transporte.png\" title=\"\" alt=\"\" loading=\"lazy\" \/>\t\t\t\t\t\t\t\t\t\t\t\t\t<\/div>\n\t\t\t\t<\/div>\n\t\t\t\t\t<\/div>\n\t\t<\/div>\n\t\t\t\t\t<\/div>\n\t\t<\/section>\n\t\t\t\t<section class=\"elementor-section elementor-top-section elementor-element elementor-element-121989f elementor-section-boxed elementor-section-height-default elementor-section-height-default\" data-id=\"121989f\" data-element_type=\"section\">\n\t\t\t\t\t\t<div class=\"elementor-container elementor-column-gap-default\">\n\t\t\t\t\t<div class=\"elementor-column elementor-col-100 elementor-top-column elementor-element elementor-element-b50ec17\" data-id=\"b50ec17\" data-element_type=\"column\">\n\t\t\t<div class=\"elementor-widget-wrap elementor-element-populated\">\n\t\t\t\t\t\t<div class=\"elementor-element elementor-element-d4906f2 elementor-widget elementor-widget-html\" data-id=\"d4906f2\" data-element_type=\"widget\" data-widget_type=\"html.default\">\n\t\t\t\t<div class=\"elementor-widget-container\">\n\t\t\t<div id=\"menurodape\">\r\n | <a href=\"?page_id=161\"><strong>Servi\u00e7o de Opera\u00e7\u00e3o<\/strong><\/a> | <a href=\"?page_id=188\"><strong>Se\u00e7\u00e3o de Oficina de Manuten\u00e7\u00e3o<\/stong><\/a> | <\/div>\t\t<\/div>\n\t\t\t\t<\/div>\n\t\t\t\t\t<\/div>\n\t\t<\/div>\n\t\t\t\t\t<\/div>\n\t\t<\/section>\n\t\t\t\t<\/div>\n\t\t","protected":false},"excerpt":{"rendered":"<p>Se\u00e7\u00e3o de Transportes Hor\u00e1rio de funcionamento: de segunda a sexta-feira das 07:30 \u00e0s 11:30 e das 12:30 \u00e0s 16:30(exceto feriados e recesso.) Localiza\u00e7\u00e3o: Garagem (pr\u00f3xima a sede da DA\/DVMO &#8211; pr\u00e9dio do antigo DER) Normas &#038; Formul\u00e1rios REQUISI\u00c7\u00c3O DE TRANSPORTE: Foi implantado o sistema de Agendamento de viagens ONLINE. Entre em contato com o respons\u00e1vel [&hellip;]<\/p>\n","protected":false},"author":23873,"featured_media":0,"parent":4880,"menu_order":20,"comment_status":"closed","ping_status":"closed","template":"elementor_header_footer","meta":{"_monsterinsights_skip_tracking":false,"_monsterinsights_sitenote_active":false,"_monsterinsights_sitenote_note":"","_monsterinsights_sitenote_category":0,"footnotes":"","_links_to":"","_links_to_target":""},"class_list":["post-4886","page","type-page","status-publish","hentry","entry"],"_links":{"self":[{"href":"https:\/\/pusplq.usp.br\/index.php?rest_route=\/wp\/v2\/pages\/4886","targetHints":{"allow":["GET"]}}],"collection":[{"href":"https:\/\/pusplq.usp.br\/index.php?rest_route=\/wp\/v2\/pages"}],"about":[{"href":"https:\/\/pusplq.usp.br\/index.php?rest_route=\/wp\/v2\/types\/page"}],"author":[{"embeddable":true,"href":"https:\/\/pusplq.usp.br\/index.php?rest_route=\/wp\/v2\/users\/23873"}],"replies":[{"embeddable":true,"href":"https:\/\/pusplq.usp.br\/index.php?rest_route=%2Fwp%2Fv2%2Fcomments&post=4886"}],"version-history":[{"count":4,"href":"https:\/\/pusplq.usp.br\/index.php?rest_route=\/wp\/v2\/pages\/4886\/revisions"}],"predecessor-version":[{"id":6762,"href":"https:\/\/pusplq.usp.br\/index.php?rest_route=\/wp\/v2\/pages\/4886\/revisions\/6762"}],"up":[{"embeddable":true,"href":"https:\/\/pusplq.usp.br\/index.php?rest_route=\/wp\/v2\/pages\/4880"}],"wp:attachment":[{"href":"https:\/\/pusplq.usp.br\/index.php?rest_route=%2Fwp%2Fv2%2Fmedia&parent=4886"}],"curies":[{"name":"wp","href":"https:\/\/api.w.org\/{rel}","templated":true}]}}