{"id":6881,"date":"2024-11-18T11:14:45","date_gmt":"2024-11-18T14:14:45","guid":{"rendered":"https:\/\/pusplq.usp.br\/?page_id=6881"},"modified":"2025-08-22T08:56:40","modified_gmt":"2025-08-22T11:56:40","slug":"cipa-comissao-interna-de-prevencao-de-acidentes-e-de-assedio","status":"publish","type":"page","link":"https:\/\/pusplq.usp.br\/?page_id=6881","title":{"rendered":"CIPA \u2013  Comiss\u00e3o Interna de Preven\u00e7\u00e3o de Acidentes e de Ass\u00e9dio"},"content":{"rendered":"\t\t<div data-elementor-type=\"wp-page\" data-elementor-id=\"6881\" class=\"elementor elementor-6881\" data-elementor-post-type=\"page\">\n\t\t\t\t\t\t<section class=\"elementor-section elementor-top-section elementor-element elementor-element-dfc9d3c elementor-section-boxed elementor-section-height-default elementor-section-height-default\" data-id=\"dfc9d3c\" data-element_type=\"section\">\n\t\t\t\t\t\t<div class=\"elementor-container elementor-column-gap-default\">\n\t\t\t\t\t<div class=\"elementor-column elementor-col-100 elementor-top-column elementor-element elementor-element-b70aa68\" data-id=\"b70aa68\" data-element_type=\"column\">\n\t\t\t<div class=\"elementor-widget-wrap elementor-element-populated\">\n\t\t\t\t\t\t<div class=\"elementor-element elementor-element-09896cc elementor-widget elementor-widget-heading\" data-id=\"09896cc\" data-element_type=\"widget\" data-widget_type=\"heading.default\">\n\t\t\t\t<div class=\"elementor-widget-container\">\n\t\t\t<h2 class=\"elementor-heading-title elementor-size-default\">CIPA \u2013  Comiss\u00e3o Interna de Preven\u00e7\u00e3o de Acidentes e de Ass\u00e9dio<\/h2>\t\t<\/div>\n\t\t\t\t<\/div>\n\t\t\t\t\t<\/div>\n\t\t<\/div>\n\t\t\t\t\t<\/div>\n\t\t<\/section>\n\t\t\t\t<section class=\"elementor-section elementor-top-section elementor-element elementor-element-90c83a2 elementor-section-boxed elementor-section-height-default elementor-section-height-default\" data-id=\"90c83a2\" data-element_type=\"section\">\n\t\t\t\t\t\t<div class=\"elementor-container elementor-column-gap-default\">\n\t\t\t\t\t<div class=\"elementor-column elementor-col-100 elementor-top-column elementor-element elementor-element-b3dc7a4\" data-id=\"b3dc7a4\" data-element_type=\"column\">\n\t\t\t<div class=\"elementor-widget-wrap elementor-element-populated\">\n\t\t\t\t\t\t<div class=\"elementor-element elementor-element-2ead481 elementor-widget elementor-widget-html\" data-id=\"2ead481\" data-element_type=\"widget\" data-widget_type=\"html.default\">\n\t\t\t\t<div class=\"elementor-widget-container\">\n\t\t\t<table class=\"comissoes\" border=\"0\" cellspacing=\"0\" cellpadding=\"0\" width=\"900\">\r\n\r\n  <tr>\r\n    <td width=\"161\" valign=\"top\"><p align=\"right\"><strong>Objetivo:<\/strong><\/p><\/td>\r\n    <td width=\"548\" valign=\"top\"><p>A <strong>CIPA <\/strong>tem por objetivo de acordo com a norma Regulamentadora (NR5), do    Minist\u00e9rio do Trabalho e Emprego, a preven\u00e7\u00e3o de acidentes e doen\u00e7as    decorrentes do trabalho, de modo a torna compat\u00edvel permanentemente o    trabalho a preserva\u00e7\u00e3o da vida e a promo\u00e7\u00e3o da sa\u00fade do trabalhador.<strong> <\/strong><\/p><\/td>\r\n  <\/tr>\r\n  <tr>\r\n    <td width=\"161\" valign=\"top\"><p align=\"right\"><strong>Membro atuais:<\/strong><\/p><\/td>\r\n    <td width=\"548\" valign=\"top\"><p><strong>INDICADOS PELO EMPREGADOR<\/strong><br \/>\r\nJair Sebasti\u00e3o da Silva Pinto (PUSP-LQ)(TITULARES) - Jonas Pinheiro Souza (PUSP-LQ)(TITULARES) -Luis Felipe de Freitas Fabr\u00edcio (ESALQ\/LCA)(TITULARES) -Luis Fernando Sanglade Marchiori (ESALQ\/SVEE)(TITULARES)-Jo\u00e3o Chaddad Junior (ESALQ\/LFN)(TITULARES)-Iria In\u00eas Stocco Correr (PUSP-LQ)(SUPLENTES)-Adriano Godinho (PUSP-LQ)(SUPLENTES) -Tiago Augusto Oliveira (ESALQ\/LPV)(SUPLENTES)-Mario Natal Tadao Neposiano (ESALQ\/LPV)(SUPLENTES)\r\n<br>\r\n<br><strong>ELEITOS PELOS EMPREGADOS<\/strong><br \/>\r\nAline Cristina Fermino Gazzola (ESALQ\/LES)(TITULARES) - Luis Rafael Lorena (ESALQ\/LES)(SUPLENTES) - Jouly Marla Silva Carmo (ESALQ\/LPV)(TITULARES) - Joseval Rezende dos Santos (PUSP-LQ\/SCAVMA)(SUPLENTES) - Guilherme dos Santos Diehl  (ESALQ\/LGN)(TITULARES) - Gilberto da Silva Duarte (ESALQ\/LZT)(SUPLENTES) - Anderson Luis Dias da Costa (PUSP-LQ\/SCMARCAPINT)(TITULARES) - Washington Luis Pereira Menezes  (ESALQ\/LPV)(SUPLENTES) - Taisa Navarro Fiorini Soares (PUSP-LQ\/DVEF)(TITULARES)\r\n<\/td>\r\n  <\/tr>\r\n  <tr>\r\n    <td width=\"161\" valign=\"top\"><p align=\"right\"><strong>Presidente:<\/strong>\u00a0 <\/p><\/td>\r\n    <td width=\"548\"><p>Jonas Pinheiro Souza<\/p><\/td>\r\n  <\/tr>\r\n  <tr>\r\n    <td width=\"161\" valign=\"top\"><p align=\"right\"><strong>Vice-Presidente:<\/strong><\/p><\/td>\r\n    <td width=\"548\"><p>Jouly Maria Silva Carmo<\/p><\/td>\r\n  <\/tr>\r\n  <tr>\r\n    <td width=\"161\" valign=\"top\"><p align=\"right\"><strong>Secret\u00e1ria:<\/strong><\/p><\/td>\r\n    <td width=\"548\"><p>Aline Cristina Fermino Gazzola<\/p><\/td>\r\n  <\/tr>\r\n  <tr>\r\n    <td width=\"161\" valign=\"top\"><p align=\"right\"><strong>Secret\u00e1rio Suplente:<\/strong>\u00a0 <\/p><\/td>\r\n    <td width=\"548\"><p>Jair Sebasti\u00e3o da Silva Pinto<\/p><\/td>\r\n  <\/tr>\r\n <tr>\r\n    <td width=\"161\" valign=\"top\"><p align=\"right\"><strong>Mandato: <\/strong><\/p><\/td>\r\n    <td width=\"548\"><p>&nbsp;2025 \/ 2026<strong> <\/strong><\/p><\/td>\r\n  <\/tr>\r\n  <tr>\r\n    <td width=\"161\" valign=\"top\"><p align=\"right\"><strong>Site: <\/strong><\/p><\/td>\r\n    <td width=\"548\" valign=\"top\"><p><a href=\"https:\/\/www.pusplq.usp.br\/cipa\">https:\/\/wwww.pusplq.usp.br\/cipa<\/a><u> <\/u><\/p><\/td>\r\n  <\/tr>\r\n  <tr>\r\n    <td width=\"161\"><p align=\"right\"><strong>Email: <\/strong><\/p><\/td>\r\n    <td width=\"548\" valign=\"top\"><p><a href=\"mailto:cipa.esalq@usp.br\"><strong>cipa.esalq@usp.br<\/strong><\/a><\/p><\/td>\r\n  <\/tr>\r\n  <tr>\r\n    <td width=\"161\"><p align=\"right\"><strong>Portaria:<\/strong><strong> <\/strong><\/p><\/td>\r\n    <td width=\"548\" valign=\"top\"><p>Sem    Portaria - Por elei\u00e7\u00e3o e por indica\u00e7\u00e3o dos dirigentes das Unidades. Elei\u00e7\u00e3o    ocorrida em: \u00a0Posse: <strong>19\/08\/2024<\/strong><\/p><\/td>\r\n  <\/tr>\r\n     <tr>\r\n    <td width=\"161\" valign=\"top\"><p align=\"right\"><strong>Posse: <\/strong><\/p><\/td>\r\n    <td width=\"548\"><p>&nbsp;13\/08\/2025<strong> <\/strong><\/p><\/td>\r\n  <\/tr>\r\n  \r\n  \r\n  <\/table>\t\t<\/div>\n\t\t\t\t<\/div>\n\t\t\t\t\t<\/div>\n\t\t<\/div>\n\t\t\t\t\t<\/div>\n\t\t<\/section>\n\t\t\t\t<\/div>\n\t\t","protected":false},"excerpt":{"rendered":"<p>CIPA \u2013 Comiss\u00e3o Interna de Preven\u00e7\u00e3o de Acidentes e de Ass\u00e9dio Objetivo: A CIPA tem por objetivo de acordo com a norma Regulamentadora (NR5), do Minist\u00e9rio do Trabalho e Emprego, a preven\u00e7\u00e3o de acidentes e doen\u00e7as decorrentes do trabalho, de modo a torna compat\u00edvel permanentemente o trabalho a preserva\u00e7\u00e3o da vida e a promo\u00e7\u00e3o da [&hellip;]<\/p>\n","protected":false},"author":23873,"featured_media":0,"parent":4781,"menu_order":170,"comment_status":"closed","ping_status":"closed","template":"elementor_header_footer","meta":{"_monsterinsights_skip_tracking":false,"_monsterinsights_sitenote_active":false,"_monsterinsights_sitenote_note":"","_monsterinsights_sitenote_category":0,"footnotes":"","_links_to":"","_links_to_target":""},"class_list":["post-6881","page","type-page","status-publish","hentry","entry"],"_links":{"self":[{"href":"https:\/\/pusplq.usp.br\/index.php?rest_route=\/wp\/v2\/pages\/6881","targetHints":{"allow":["GET"]}}],"collection":[{"href":"https:\/\/pusplq.usp.br\/index.php?rest_route=\/wp\/v2\/pages"}],"about":[{"href":"https:\/\/pusplq.usp.br\/index.php?rest_route=\/wp\/v2\/types\/page"}],"author":[{"embeddable":true,"href":"https:\/\/pusplq.usp.br\/index.php?rest_route=\/wp\/v2\/users\/23873"}],"replies":[{"embeddable":true,"href":"https:\/\/pusplq.usp.br\/index.php?rest_route=%2Fwp%2Fv2%2Fcomments&post=6881"}],"version-history":[{"count":4,"href":"https:\/\/pusplq.usp.br\/index.php?rest_route=\/wp\/v2\/pages\/6881\/revisions"}],"predecessor-version":[{"id":11611,"href":"https:\/\/pusplq.usp.br\/index.php?rest_route=\/wp\/v2\/pages\/6881\/revisions\/11611"}],"up":[{"embeddable":true,"href":"https:\/\/pusplq.usp.br\/index.php?rest_route=\/wp\/v2\/pages\/4781"}],"wp:attachment":[{"href":"https:\/\/pusplq.usp.br\/index.php?rest_route=%2Fwp%2Fv2%2Fmedia&parent=6881"}],"curies":[{"name":"wp","href":"https:\/\/api.w.org\/{rel}","templated":true}]}}