{"id":6952,"date":"2024-11-18T14:59:12","date_gmt":"2024-11-18T17:59:12","guid":{"rendered":"https:\/\/pusplq.usp.br\/?page_id=6952"},"modified":"2025-09-10T15:05:44","modified_gmt":"2025-09-10T18:05:44","slug":"programa-de-acao-em-saude-no-campus-luiz-de-queiroz","status":"publish","type":"page","link":"https:\/\/pusplq.usp.br\/?page_id=6952","title":{"rendered":"Programa de A\u00e7\u00e3o em Sa\u00fade no Campus \u201cLuiz de Queiroz\u201d."},"content":{"rendered":"\t\t<div data-elementor-type=\"wp-page\" data-elementor-id=\"6952\" class=\"elementor elementor-6952\" data-elementor-post-type=\"page\">\n\t\t\t\t\t\t<section class=\"elementor-section elementor-top-section elementor-element elementor-element-32cac8b elementor-section-boxed elementor-section-height-default elementor-section-height-default\" data-id=\"32cac8b\" data-element_type=\"section\">\n\t\t\t\t\t\t<div class=\"elementor-container elementor-column-gap-default\">\n\t\t\t\t\t<div class=\"elementor-column elementor-col-100 elementor-top-column elementor-element elementor-element-6619f74\" data-id=\"6619f74\" data-element_type=\"column\">\n\t\t\t<div class=\"elementor-widget-wrap elementor-element-populated\">\n\t\t\t\t\t\t<div class=\"elementor-element elementor-element-8fcf1d4 elementor-widget elementor-widget-heading\" data-id=\"8fcf1d4\" data-element_type=\"widget\" data-widget_type=\"heading.default\">\n\t\t\t\t<div class=\"elementor-widget-container\">\n\t\t\t<h2 class=\"elementor-heading-title elementor-size-default\">Programa de A\u00e7\u00e3o em Sa\u00fade no Campus \u201cLuiz de Queiroz\u201d<\/h2>\t\t<\/div>\n\t\t\t\t<\/div>\n\t\t\t\t\t<\/div>\n\t\t<\/div>\n\t\t\t\t\t<\/div>\n\t\t<\/section>\n\t\t\t\t<section class=\"elementor-section elementor-top-section elementor-element elementor-element-564f104 elementor-section-boxed elementor-section-height-default elementor-section-height-default\" data-id=\"564f104\" data-element_type=\"section\">\n\t\t\t\t\t\t<div class=\"elementor-container elementor-column-gap-default\">\n\t\t\t\t\t<div class=\"elementor-column elementor-col-100 elementor-top-column elementor-element elementor-element-9cac55b\" data-id=\"9cac55b\" data-element_type=\"column\">\n\t\t\t<div class=\"elementor-widget-wrap elementor-element-populated\">\n\t\t\t\t\t\t<div class=\"elementor-element elementor-element-13b0664 elementor-widget elementor-widget-html\" data-id=\"13b0664\" data-element_type=\"widget\" data-widget_type=\"html.default\">\n\t\t\t\t<div class=\"elementor-widget-container\">\n\t\t\t<table class=\"comissoes\" border=\"0\" cellspacing=\"0\" cellpadding=\"0\" width=\"900\">\r\n  <tr>\r\n    <td width=\"170\" valign=\"top\"><p align=\"right\"><strong>Objetivo:<\/strong><\/p><\/td>\r\n    <td width=\"528\" valign=\"top\"><p>O programa possui atribui\u00e7\u00e3o de conscientizar, orientar e informar sobre a import\u00e2ncia da sa\u00fade como    responsabilidade pessoal. <br \/>\r\n      S\u00e3o atribui\u00e7\u00f5es do programa destinados    aos servidores do Campus \u201cLuiz de Queiroz\u201d:<br \/>\r\n      \u2022 \u00a0Realizar tratamento fisioterap\u00eautico com protocolos    de reabilita\u00e7\u00e3o dos diagn\u00f3sticos de incapacidade apresentado<br \/>\r\n      \u2022 \u00a0Visitar os postos de trabalho para    orienta\u00e7\u00e3o e avalia\u00e7\u00e3o ergon\u00f4mica <br \/>\r\n      \u2022 \u00a0Reunir com chefias para realoca\u00e7\u00e3o ou    readapta\u00e7\u00e3o do funcion\u00e1rio<br \/>\r\n      \u2022 \u00a0Organizar grupos de facilita\u00e7\u00e3o e est\u00edmulo    aos cuidados com a sa\u00fade<br \/>\r\n      \u2022 \u00a0Realizar semin\u00e1rios de oficinas com temas    multidisciplinares e temas espec\u00edficos de interesse da comunidade<br \/>\r\n      \u2022 Realizar oficinas itinerantes em    sess\u00f5es e setores do campus com orienta\u00e7\u00f5es ergon\u00f4micas entre outras.<\/p><\/td>\r\n  <\/tr>\r\n  <tr>\r\n    <td width=\"170\" valign=\"top\"><p align=\"right\"><strong>Membros atuais:<\/strong><\/p><\/td>\r\n    <td width=\"528\" valign=\"top\"><p>Vera Lucia Martinez Vieira (UBAS)- COORDENADORA - Sonia Maria Mendes Fiore (DVATCOM\/PUSP-LQ) VICE-COORDENADORA - Aline Spoto Maluf Esteves (SERVFISIO\/USP)- SECRET\u00c1RIA - Rodrigo Massanori Vilela Utino (ESALQ)(titular) - Ivete Aparecida Steffe (ATAD\/ESALQ)(suplente) Roberta Helena Fiorotto Rodrigues Bacha (PUSP-LQ)(titular) - Solange Calabresi do Couto Souza (DVATCOM\/PUSP-LQ) (suplente) - Renata Let\u00edcia Fini (CENA)(Titular)\t- Michele Sanches (CENA) (Suplente) - Erica Hitome Narazaki (CSCRH-LQ-01) (Titular) - Vitor Estevam Bastos Pereira (CSCRH-LQ-01) (Suplente) - Eliana Maria de Souza Pacheco Valsechi (DVATCOM\/PUSP-LQ) (Titular) - Angelo Gabriel de Oliveira (DVATCOM\/PUSP-LQ) (Suplente) - Vivian Beatriz Soares de Jesus (SESMT\/Piracicaba) (Titular) - Aloisio Bispo dos Santos (SESMT\/Piracicaba) (Suplente) - Dr. Tufi Chalita (UBAS\/Piracicaba) (Titular) - Marta Virg\u00edlio de Oliveira Luz (UBAS\/Piracicaba) (Suplente) - Dra. Mayara Karolina Alvarenga Recaldes Gomes (ECOS\/PRIP) - Prof. Carlos Eduardo de Freitas Vian\t(LES\/ESALQ)<\/td>\r\n  <\/tr>\r\n  <tr>\r\n    <td width=\"170\" valign=\"top\"><p align=\"right\"><strong>Coordena\u00e7\u00e3o:<\/strong><\/p><\/td>\r\n    <td width=\"528\" valign=\"top\"><p>Vera Lucia Martinez Vieira (UBAS)<\/p><\/td>\r\n  <\/tr>\r\n    <tr>\r\n      <td width=\"170\" valign=\"top\"><p align=\"right\"><strong>Vice-Coordenadora: <\/strong><\/p><\/td>\r\n    <td width=\"528\" valign=\"top\"><p>Sonia Maria Mendes Fiore (DVATCOM\/PUSP<\/p><\/td>\r\n  <\/tr>\r\n      <tr>\r\n      <td width=\"170\" valign=\"top\"><p align=\"right\"><strong>Secret\u00e1ria: <\/strong><\/p><\/td>\r\n    <td width=\"528\" valign=\"top\"><p>Aline Spoto Maluf Esteves (SERVFISIO\/USP)<\/p><\/td>\r\n  <\/tr>\r\n  \r\n  \r\n  \r\n  <tr>\r\n    <td width=\"170\" valign=\"top\"><p align=\"right\"><strong>Comiss\u00e3o institu\u00edda em: <\/strong><\/p><\/td>\r\n    <td width=\"528\" valign=\"top\"><p>31 de julho de 2023. <\/p><\/td>\r\n  <\/tr>\r\n  <tr>\r\n    <td width=\"170\" valign=\"top\"><p align=\"right\"><strong>Portaria:<\/strong><\/p><\/td>\r\n    <td width=\"528\" valign=\"top\"><p>PORTARIA CG No. 11\/2025, de  14 de julho de 2025.<\/p><\/td>    \r\n  <\/tr>\r\n  <tr>\r\n    <td width=\"170\" valign=\"top\"><p align=\"right\"><strong>Mandato:<\/strong><\/p><\/td>\r\n    <td width=\"528\" valign=\"top\">com mandato de dois anos. <\/td>\r\n  <\/tr>\r\n<\/table>\r\n<p>&nbsp;<\/p>\t\t<\/div>\n\t\t\t\t<\/div>\n\t\t\t\t\t<\/div>\n\t\t<\/div>\n\t\t\t\t\t<\/div>\n\t\t<\/section>\n\t\t\t\t<\/div>\n\t\t","protected":false},"excerpt":{"rendered":"<p>Programa de A\u00e7\u00e3o em Sa\u00fade no Campus \u201cLuiz de Queiroz\u201d Objetivo: O programa possui atribui\u00e7\u00e3o de conscientizar, orientar e informar sobre a import\u00e2ncia da sa\u00fade como responsabilidade pessoal. S\u00e3o atribui\u00e7\u00f5es do programa destinados aos servidores do Campus \u201cLuiz de Queiroz\u201d: \u2022 \u00a0Realizar tratamento fisioterap\u00eautico com protocolos de reabilita\u00e7\u00e3o dos diagn\u00f3sticos de incapacidade apresentado \u2022 \u00a0Visitar [&hellip;]<\/p>\n","protected":false},"author":23873,"featured_media":0,"parent":4781,"menu_order":21,"comment_status":"closed","ping_status":"closed","template":"elementor_header_footer","meta":{"_monsterinsights_skip_tracking":false,"_monsterinsights_sitenote_active":false,"_monsterinsights_sitenote_note":"","_monsterinsights_sitenote_category":0,"footnotes":"","_links_to":"","_links_to_target":""},"class_list":["post-6952","page","type-page","status-publish","hentry","entry"],"_links":{"self":[{"href":"https:\/\/pusplq.usp.br\/index.php?rest_route=\/wp\/v2\/pages\/6952","targetHints":{"allow":["GET"]}}],"collection":[{"href":"https:\/\/pusplq.usp.br\/index.php?rest_route=\/wp\/v2\/pages"}],"about":[{"href":"https:\/\/pusplq.usp.br\/index.php?rest_route=\/wp\/v2\/types\/page"}],"author":[{"embeddable":true,"href":"https:\/\/pusplq.usp.br\/index.php?rest_route=\/wp\/v2\/users\/23873"}],"replies":[{"embeddable":true,"href":"https:\/\/pusplq.usp.br\/index.php?rest_route=%2Fwp%2Fv2%2Fcomments&post=6952"}],"version-history":[{"count":4,"href":"https:\/\/pusplq.usp.br\/index.php?rest_route=\/wp\/v2\/pages\/6952\/revisions"}],"predecessor-version":[{"id":11771,"href":"https:\/\/pusplq.usp.br\/index.php?rest_route=\/wp\/v2\/pages\/6952\/revisions\/11771"}],"up":[{"embeddable":true,"href":"https:\/\/pusplq.usp.br\/index.php?rest_route=\/wp\/v2\/pages\/4781"}],"wp:attachment":[{"href":"https:\/\/pusplq.usp.br\/index.php?rest_route=%2Fwp%2Fv2%2Fmedia&parent=6952"}],"curies":[{"name":"wp","href":"https:\/\/api.w.org\/{rel}","templated":true}]}}