{"id":7927,"date":"2025-01-08T14:17:35","date_gmt":"2025-01-08T17:17:35","guid":{"rendered":"https:\/\/pusplq.usp.br\/?page_id=7927"},"modified":"2025-10-09T15:46:16","modified_gmt":"2025-10-09T18:46:16","slug":"formularios-de-apoio","status":"publish","type":"page","link":"https:\/\/pusplq.usp.br\/?page_id=7927","title":{"rendered":"Formul\u00e1rios de Apoio"},"content":{"rendered":"\t\t<div data-elementor-type=\"wp-page\" data-elementor-id=\"7927\" class=\"elementor elementor-7927\" data-elementor-post-type=\"page\">\n\t\t\t\t\t\t<section class=\"elementor-section elementor-top-section elementor-element elementor-element-644fe6e elementor-section-boxed elementor-section-height-default elementor-section-height-default\" data-id=\"644fe6e\" data-element_type=\"section\">\n\t\t\t\t\t\t<div class=\"elementor-container elementor-column-gap-default\">\n\t\t\t\t\t<div class=\"elementor-column elementor-col-100 elementor-top-column elementor-element elementor-element-14123c0\" data-id=\"14123c0\" data-element_type=\"column\">\n\t\t\t<div class=\"elementor-widget-wrap elementor-element-populated\">\n\t\t\t\t\t\t<div class=\"elementor-element elementor-element-7b40fb6 elementor-widget elementor-widget-heading\" data-id=\"7b40fb6\" data-element_type=\"widget\" data-widget_type=\"heading.default\">\n\t\t\t\t<div class=\"elementor-widget-container\">\n\t\t\t<h2 class=\"elementor-heading-title elementor-size-default\">Formul\u00e1rios de Apoio<\/h2>\t\t<\/div>\n\t\t\t\t<\/div>\n\t\t\t\t\t<\/div>\n\t\t<\/div>\n\t\t\t\t\t<\/div>\n\t\t<\/section>\n\t\t\t\t<section class=\"elementor-section elementor-top-section elementor-element elementor-element-7c52172 elementor-section-boxed elementor-section-height-default elementor-section-height-default\" data-id=\"7c52172\" data-element_type=\"section\">\n\t\t\t\t\t\t<div class=\"elementor-container elementor-column-gap-default\">\n\t\t\t\t\t<div class=\"elementor-column elementor-col-50 elementor-top-column elementor-element elementor-element-d66b875\" data-id=\"d66b875\" data-element_type=\"column\">\n\t\t\t<div class=\"elementor-widget-wrap elementor-element-populated\">\n\t\t\t\t\t\t<div class=\"elementor-element elementor-element-8d5a547 elementor-nav-menu__align-start elementor-widget__width-initial elementor-nav-menu--dropdown-tablet elementor-nav-menu__text-align-aside elementor-nav-menu--toggle elementor-nav-menu--burger elementor-widget elementor-widget-nav-menu\" data-id=\"8d5a547\" data-element_type=\"widget\" data-settings=\"{&quot;layout&quot;:&quot;vertical&quot;,&quot;submenu_icon&quot;:{&quot;value&quot;:&quot;&lt;i class=\\&quot;fas fa-caret-down\\&quot;&gt;&lt;\\\/i&gt;&quot;,&quot;library&quot;:&quot;fa-solid&quot;},&quot;toggle&quot;:&quot;burger&quot;}\" data-widget_type=\"nav-menu.default\">\n\t\t\t\t<div class=\"elementor-widget-container\">\n\t\t\t\t\t\t<nav aria-label=\"Menu\" class=\"elementor-nav-menu--main elementor-nav-menu__container elementor-nav-menu--layout-vertical e--pointer-underline e--animation-fade\">\n\t\t\t\t<ul id=\"menu-1-8d5a547\" class=\"elementor-nav-menu sm-vertical\"><li class=\"menu-item menu-item-type-custom menu-item-object-custom menu-item-7941\"><a href=\"?page_id=7806\" class=\"elementor-item\">Viveiro de mudas<\/a><\/li>\n<li class=\"menu-item menu-item-type-custom menu-item-object-custom menu-item-7942\"><a href=\"?page_id=7817\" class=\"elementor-item\">Projetos em Parceria com Departamentos<\/a><\/li>\n<li class=\"menu-item menu-item-type-custom menu-item-object-custom menu-item-7943\"><a href=\"?page_id=7877\" class=\"elementor-item\">Comiss\u00f5es e  Grupos de Apoio<\/a><\/li>\n<li class=\"menu-item menu-item-type-custom menu-item-object-custom menu-item-7944\"><a href=\"?page_id=7914\" class=\"elementor-item\">Projetos Desenvolvidos por Estudantes Bolsistas e Docentes Parceiro<\/a><\/li>\n<li class=\"menu-item menu-item-type-custom menu-item-object-custom menu-item-7945\"><a href=\"?page_id=7922\" class=\"elementor-item\">Projetos Desenvolvidos por meio de Projetos e Editais da SGA<\/a><\/li>\n<li class=\"menu-item menu-item-type-custom menu-item-object-custom menu-item-7946\"><a href=\"?page_id=7927\" class=\"elementor-item\">Formul\u00e1rios de apoio<\/a><\/li>\n<\/ul>\t\t\t<\/nav>\n\t\t\t\t\t<div class=\"elementor-menu-toggle\" role=\"button\" tabindex=\"0\" aria-label=\"Alternar menu\" aria-expanded=\"false\">\n\t\t\t<i aria-hidden=\"true\" role=\"presentation\" class=\"elementor-menu-toggle__icon--open eicon-menu-bar\"><\/i><i aria-hidden=\"true\" role=\"presentation\" class=\"elementor-menu-toggle__icon--close eicon-close\"><\/i>\t\t\t<span class=\"elementor-screen-only\">Menu<\/span>\n\t\t<\/div>\n\t\t\t\t\t<nav class=\"elementor-nav-menu--dropdown elementor-nav-menu__container\" aria-hidden=\"true\">\n\t\t\t\t<ul id=\"menu-2-8d5a547\" class=\"elementor-nav-menu sm-vertical\"><li class=\"menu-item menu-item-type-custom menu-item-object-custom menu-item-7941\"><a href=\"?page_id=7806\" class=\"elementor-item\" tabindex=\"-1\">Viveiro de mudas<\/a><\/li>\n<li class=\"menu-item menu-item-type-custom menu-item-object-custom menu-item-7942\"><a href=\"?page_id=7817\" class=\"elementor-item\" tabindex=\"-1\">Projetos em Parceria com Departamentos<\/a><\/li>\n<li class=\"menu-item menu-item-type-custom menu-item-object-custom menu-item-7943\"><a href=\"?page_id=7877\" class=\"elementor-item\" tabindex=\"-1\">Comiss\u00f5es e  Grupos de Apoio<\/a><\/li>\n<li class=\"menu-item menu-item-type-custom menu-item-object-custom menu-item-7944\"><a href=\"?page_id=7914\" class=\"elementor-item\" tabindex=\"-1\">Projetos Desenvolvidos por Estudantes Bolsistas e Docentes Parceiro<\/a><\/li>\n<li class=\"menu-item menu-item-type-custom menu-item-object-custom menu-item-7945\"><a href=\"?page_id=7922\" class=\"elementor-item\" tabindex=\"-1\">Projetos Desenvolvidos por meio de Projetos e Editais da SGA<\/a><\/li>\n<li class=\"menu-item menu-item-type-custom menu-item-object-custom menu-item-7946\"><a href=\"?page_id=7927\" class=\"elementor-item\" tabindex=\"-1\">Formul\u00e1rios de apoio<\/a><\/li>\n<\/ul>\t\t\t<\/nav>\n\t\t\t\t<\/div>\n\t\t\t\t<\/div>\n\t\t\t\t<div class=\"elementor-element elementor-element-b6da4e5 elementor-widget__width-initial elementor-widget elementor-widget-image\" data-id=\"b6da4e5\" data-element_type=\"widget\" data-widget_type=\"image.default\">\n\t\t\t\t<div class=\"elementor-widget-container\">\n\t\t\t\t\t\t\t\t\t\t\t\t\t\t<a href=\"https:\/\/sga.usp.br\/\">\n\t\t\t\t\t\t\t<img fetchpriority=\"high\" decoding=\"async\" width=\"1024\" height=\"236\" src=\"https:\/\/pusplq.usp.br\/wp-content\/uploads\/sites\/1403\/2024\/10\/logo_sga-1024x236.png\" class=\"attachment-large size-large wp-image-5791\" alt=\"\" srcset=\"https:\/\/pusplq.usp.br\/wp-content\/uploads\/sites\/1403\/2024\/10\/logo_sga-1024x236.png 1024w, https:\/\/pusplq.usp.br\/wp-content\/uploads\/sites\/1403\/2024\/10\/logo_sga-300x69.png 300w, https:\/\/pusplq.usp.br\/wp-content\/uploads\/sites\/1403\/2024\/10\/logo_sga-768x177.png 768w, https:\/\/pusplq.usp.br\/wp-content\/uploads\/sites\/1403\/2024\/10\/logo_sga-400x92.png 400w, https:\/\/pusplq.usp.br\/wp-content\/uploads\/sites\/1403\/2024\/10\/logo_sga.png 1342w\" sizes=\"(max-width: 1024px) 100vw, 1024px\" \/>\t\t\t\t\t\t\t\t<\/a>\n\t\t\t\t\t\t\t\t\t\t\t\t\t<\/div>\n\t\t\t\t<\/div>\n\t\t\t\t<div class=\"elementor-element elementor-element-f469b23 elementor-widget__width-initial elementor-widget elementor-widget-image\" data-id=\"f469b23\" data-element_type=\"widget\" data-widget_type=\"image.default\">\n\t\t\t\t<div class=\"elementor-widget-container\">\n\t\t\t\t\t\t\t\t\t\t\t\t\t\t<a href=\"https:\/\/leginf.usp.br\/\">\n\t\t\t\t\t\t\t<img decoding=\"async\" width=\"1024\" height=\"236\" src=\"https:\/\/pusplq.usp.br\/wp-content\/uploads\/sites\/1403\/2024\/10\/logo_normas-1024x236.png\" class=\"attachment-large size-large wp-image-5792\" alt=\"\" srcset=\"https:\/\/pusplq.usp.br\/wp-content\/uploads\/sites\/1403\/2024\/10\/logo_normas-1024x236.png 1024w, https:\/\/pusplq.usp.br\/wp-content\/uploads\/sites\/1403\/2024\/10\/logo_normas-300x69.png 300w, https:\/\/pusplq.usp.br\/wp-content\/uploads\/sites\/1403\/2024\/10\/logo_normas-768x177.png 768w, https:\/\/pusplq.usp.br\/wp-content\/uploads\/sites\/1403\/2024\/10\/logo_normas-400x92.png 400w, https:\/\/pusplq.usp.br\/wp-content\/uploads\/sites\/1403\/2024\/10\/logo_normas.png 1342w\" sizes=\"(max-width: 1024px) 100vw, 1024px\" \/>\t\t\t\t\t\t\t\t<\/a>\n\t\t\t\t\t\t\t\t\t\t\t\t\t<\/div>\n\t\t\t\t<\/div>\n\t\t\t\t<div class=\"elementor-element elementor-element-bcf50ff elementor-widget__width-initial elementor-widget elementor-widget-image\" data-id=\"bcf50ff\" data-element_type=\"widget\" data-widget_type=\"image.default\">\n\t\t\t\t<div class=\"elementor-widget-container\">\n\t\t\t\t\t\t\t\t\t\t\t\t\t\t<a href=\"https:\/\/www.esalq.usp.br\/gestao-socioambiental\/ga-plano-diretor-participativo\">\n\t\t\t\t\t\t\t<img decoding=\"async\" width=\"495\" height=\"443\" src=\"https:\/\/pusplq.usp.br\/wp-content\/uploads\/sites\/1403\/2024\/10\/logo_pds.png\" class=\"attachment-large size-large wp-image-5793\" alt=\"\" srcset=\"https:\/\/pusplq.usp.br\/wp-content\/uploads\/sites\/1403\/2024\/10\/logo_pds.png 495w, https:\/\/pusplq.usp.br\/wp-content\/uploads\/sites\/1403\/2024\/10\/logo_pds-300x268.png 300w, https:\/\/pusplq.usp.br\/wp-content\/uploads\/sites\/1403\/2024\/10\/logo_pds-400x358.png 400w\" sizes=\"(max-width: 495px) 100vw, 495px\" \/>\t\t\t\t\t\t\t\t<\/a>\n\t\t\t\t\t\t\t\t\t\t\t\t\t<\/div>\n\t\t\t\t<\/div>\n\t\t\t\t<div class=\"elementor-element elementor-element-204fcad elementor-widget__width-initial elementor-widget elementor-widget-image\" data-id=\"204fcad\" data-element_type=\"widget\" data-widget_type=\"image.default\">\n\t\t\t\t<div class=\"elementor-widget-container\">\n\t\t\t\t\t\t\t\t\t\t\t\t\t\t<a href=\"https:\/\/sga.usp.br\/usp-recicla\/\">\n\t\t\t\t\t\t\t<img loading=\"lazy\" decoding=\"async\" width=\"958\" height=\"590\" src=\"https:\/\/pusplq.usp.br\/wp-content\/uploads\/sites\/1403\/2024\/07\/logo-usprecicla.jpg\" class=\"attachment-large size-large wp-image-4674\" alt=\"\" srcset=\"https:\/\/pusplq.usp.br\/wp-content\/uploads\/sites\/1403\/2024\/07\/logo-usprecicla.jpg 958w, https:\/\/pusplq.usp.br\/wp-content\/uploads\/sites\/1403\/2024\/07\/logo-usprecicla-300x185.jpg 300w, https:\/\/pusplq.usp.br\/wp-content\/uploads\/sites\/1403\/2024\/07\/logo-usprecicla-768x473.jpg 768w, https:\/\/pusplq.usp.br\/wp-content\/uploads\/sites\/1403\/2024\/07\/logo-usprecicla-400x246.jpg 400w\" sizes=\"(max-width: 958px) 100vw, 958px\" \/>\t\t\t\t\t\t\t\t<\/a>\n\t\t\t\t\t\t\t\t\t\t\t\t\t<\/div>\n\t\t\t\t<\/div>\n\t\t\t\t\t<\/div>\n\t\t<\/div>\n\t\t\t\t<div class=\"elementor-column elementor-col-50 elementor-top-column elementor-element elementor-element-7a88709\" data-id=\"7a88709\" data-element_type=\"column\">\n\t\t\t<div class=\"elementor-widget-wrap elementor-element-populated\">\n\t\t\t\t\t\t<div class=\"elementor-element elementor-element-6af2f9a elementor-widget elementor-widget-html\" data-id=\"6af2f9a\" data-element_type=\"widget\" data-widget_type=\"html.default\">\n\t\t\t\t<div class=\"elementor-widget-container\">\n\t\t\t<ul>\r\n<li><a href=\"https:\/\/pusplq.usp.br\/wp-content\/uploads\/sites\/1403\/2025\/08\/normaseformularioplantioarvores2025.pdf\" target=\"_blank\">Solicita\u00e7\u00e3o de Plantio de \u00c1rvore<\/a>&nbsp;<a href=\"https:\/\/pusplq.usp.br\/wp-content\/uploads\/sites\/1403\/2025\/08\/formularioplantiodearvores2025.zip\" target=\"_blank\">(ZIP)<\/a><a href=\"https:\/\/pusplq.usp.br\/wp-content\/uploads\/sites\/1403\/2025\/08\/Formulario-Plantio-de-Arvore-2025_final_final_final.pdf\" target=\"_blank\">(PDF)<\/a><\/li>\r\n<br>\r\n<li><a href=\"http:\/\/www.usp.br\/oscclq\/\" title=\"Sistema de Chamados - Orbita \" rel=\"noopener\" target=\"_blank\">Solicita\u00e7\u00e3o de poda, remo\u00e7\u00e3o e atividades ligadas a \u00e1reas verdes do Parques dever\u00e3o ser feitas pelo Sistema \u00d3rbita<\/a><\/li>\r\n<br>\r\n<li><a href=\"https:\/\/pipoca.esalq.usp.br\/webOS\/form\/usp-recicla\" title=\"Formulario de Apoio\" rel=\"noopener\" target=\"_blank\">Solicita\u00e7\u00e3o de servi\u00e7os de servi\u00e7os voltados a coleta e infraestrutura para res\u00edduos gerados no campus:<\/a><\/li>\r\n<br>\r\n<\/ul>\r\n<br>\r\n\t\t<\/div>\n\t\t\t\t<\/div>\n\t\t\t\t\t<\/div>\n\t\t<\/div>\n\t\t\t\t\t<\/div>\n\t\t<\/section>\n\t\t\t\t<section class=\"elementor-section elementor-top-section elementor-element elementor-element-b8102f6 elementor-section-boxed elementor-section-height-default elementor-section-height-default\" data-id=\"b8102f6\" data-element_type=\"section\">\n\t\t\t\t\t\t<div class=\"elementor-container elementor-column-gap-default\">\n\t\t\t\t\t<div class=\"elementor-column elementor-col-100 elementor-top-column elementor-element elementor-element-139c25b\" data-id=\"139c25b\" data-element_type=\"column\">\n\t\t\t<div class=\"elementor-widget-wrap\">\n\t\t\t\t\t\t\t<\/div>\n\t\t<\/div>\n\t\t\t\t\t<\/div>\n\t\t<\/section>\n\t\t\t\t<\/div>\n\t\t","protected":false},"excerpt":{"rendered":"<p>Formul\u00e1rios de Apoio Solicita\u00e7\u00e3o de Plantio de \u00c1rvore&nbsp;(ZIP)(PDF) Solicita\u00e7\u00e3o de poda, remo\u00e7\u00e3o e atividades ligadas a \u00e1reas verdes do Parques dever\u00e3o ser feitas pelo Sistema \u00d3rbita Solicita\u00e7\u00e3o de servi\u00e7os de servi\u00e7os voltados a coleta e infraestrutura para res\u00edduos gerados no campus:<\/p>\n","protected":false},"author":23873,"featured_media":0,"parent":3160,"menu_order":70,"comment_status":"closed","ping_status":"closed","template":"elementor_header_footer","meta":{"_monsterinsights_skip_tracking":false,"_monsterinsights_sitenote_active":false,"_monsterinsights_sitenote_note":"","_monsterinsights_sitenote_category":0,"footnotes":"","_links_to":"","_links_to_target":""},"class_list":["post-7927","page","type-page","status-publish","hentry","entry"],"_links":{"self":[{"href":"https:\/\/pusplq.usp.br\/index.php?rest_route=\/wp\/v2\/pages\/7927","targetHints":{"allow":["GET"]}}],"collection":[{"href":"https:\/\/pusplq.usp.br\/index.php?rest_route=\/wp\/v2\/pages"}],"about":[{"href":"https:\/\/pusplq.usp.br\/index.php?rest_route=\/wp\/v2\/types\/page"}],"author":[{"embeddable":true,"href":"https:\/\/pusplq.usp.br\/index.php?rest_route=\/wp\/v2\/users\/23873"}],"replies":[{"embeddable":true,"href":"https:\/\/pusplq.usp.br\/index.php?rest_route=%2Fwp%2Fv2%2Fcomments&post=7927"}],"version-history":[{"count":4,"href":"https:\/\/pusplq.usp.br\/index.php?rest_route=\/wp\/v2\/pages\/7927\/revisions"}],"predecessor-version":[{"id":12067,"href":"https:\/\/pusplq.usp.br\/index.php?rest_route=\/wp\/v2\/pages\/7927\/revisions\/12067"}],"up":[{"embeddable":true,"href":"https:\/\/pusplq.usp.br\/index.php?rest_route=\/wp\/v2\/pages\/3160"}],"wp:attachment":[{"href":"https:\/\/pusplq.usp.br\/index.php?rest_route=%2Fwp%2Fv2%2Fmedia&parent=7927"}],"curies":[{"name":"wp","href":"https:\/\/api.w.org\/{rel}","templated":true}]}}